{"id":24640,"date":"2024-11-25T15:32:31","date_gmt":"2024-11-25T20:32:31","guid":{"rendered":"https:\/\/condamine.edu.ec\/?page_id=24640"},"modified":"2026-03-04T10:27:39","modified_gmt":"2026-03-04T15:27:39","slug":"admissions","status":"publish","type":"page","link":"https:\/\/condamine.edu.ec\/?page_id=24640","title":{"rendered":"Admissions"},"content":{"rendered":"\t\t<div data-elementor-type=\"wp-page\" data-elementor-id=\"24640\" class=\"elementor elementor-24640\" data-elementor-post-type=\"page\">\n\t\t\t\t<div class=\"elementor-element elementor-element-6e5d2da e-flex e-con-boxed e-con e-parent\" data-id=\"6e5d2da\" data-element_type=\"container\" data-e-type=\"container\">\n\t\t\t\t\t<div class=\"e-con-inner\">\n\t\t\t\t<div class=\"elementor-element elementor-element-97f1126 elementor-widget elementor-widget-spacer\" data-id=\"97f1126\" data-element_type=\"widget\" data-e-type=\"widget\" data-widget_type=\"spacer.default\">\n\t\t\t\t<div class=\"elementor-widget-container\">\n\t\t\t\t\t\t\t<div class=\"elementor-spacer\">\n\t\t\t<div class=\"elementor-spacer-inner\"><\/div>\n\t\t<\/div>\n\t\t\t\t\t\t<\/div>\n\t\t\t\t<\/div>\n\t\t\t\t\t<\/div>\n\t\t\t\t<\/div>\n\t\t<div class=\"elementor-element elementor-element-1b409c2 e-con-full e-flex e-con e-parent\" data-id=\"1b409c2\" data-element_type=\"container\" data-e-type=\"container\">\n\t\t\t\t<div class=\"elementor-element elementor-element-b4280a7 elementor-widget elementor-widget-heading\" data-id=\"b4280a7\" data-element_type=\"widget\" data-e-type=\"widget\" data-widget_type=\"heading.default\">\n\t\t\t\t<div class=\"elementor-widget-container\">\n\t\t\t\t\t<h2 class=\"elementor-heading-title elementor-size-default\">Admissions<\/h2>\t\t\t\t<\/div>\n\t\t\t\t<\/div>\n\t\t\t\t<\/div>\n\t\t<div class=\"elementor-element elementor-element-7b59a90 e-flex e-con-boxed e-con e-parent\" data-id=\"7b59a90\" data-element_type=\"container\" data-e-type=\"container\">\n\t\t\t\t\t<div class=\"e-con-inner\">\n\t\t\t\t<div class=\"elementor-element elementor-element-f314553 elementor-widget elementor-widget-spacer\" data-id=\"f314553\" data-element_type=\"widget\" data-e-type=\"widget\" data-widget_type=\"spacer.default\">\n\t\t\t\t<div class=\"elementor-widget-container\">\n\t\t\t\t\t\t\t<div class=\"elementor-spacer\">\n\t\t\t<div class=\"elementor-spacer-inner\"><\/div>\n\t\t<\/div>\n\t\t\t\t\t\t<\/div>\n\t\t\t\t<\/div>\n\t\t\t\t\t<\/div>\n\t\t\t\t<\/div>\n\t\t<div class=\"elementor-element elementor-element-bd8cd09 e-con-full e-flex e-con e-parent\" data-id=\"bd8cd09\" data-element_type=\"container\" data-e-type=\"container\" data-settings=\"{&quot;background_background&quot;:&quot;classic&quot;}\">\n\t\t<div class=\"elementor-element elementor-element-7971ace e-con-full e-flex e-con e-child\" data-id=\"7971ace\" data-element_type=\"container\" data-e-type=\"container\">\n\t\t\t\t<div class=\"elementor-element elementor-element-64494d9 elementor-widget elementor-widget-image\" data-id=\"64494d9\" data-element_type=\"widget\" data-e-type=\"widget\" data-widget_type=\"image.default\">\n\t\t\t\t<div class=\"elementor-widget-container\">\n\t\t\t\t\t\t\t\t\t\t\t\t\t\t\t<img fetchpriority=\"high\" decoding=\"async\" width=\"800\" height=\"345\" src=\"https:\/\/condamine.edu.ec\/wp-content\/uploads\/2025\/11\/BANNER-2-inscrpciones_conda-1024x442.jpg\" class=\"attachment-large size-large wp-image-42462\" alt=\"\" srcset=\"https:\/\/condamine.edu.ec\/wp-content\/uploads\/2025\/11\/BANNER-2-inscrpciones_conda-1024x442.jpg 1024w, https:\/\/condamine.edu.ec\/wp-content\/uploads\/2025\/11\/BANNER-2-inscrpciones_conda-300x129.jpg 300w, https:\/\/condamine.edu.ec\/wp-content\/uploads\/2025\/11\/BANNER-2-inscrpciones_conda-768x331.jpg 768w, https:\/\/condamine.edu.ec\/wp-content\/uploads\/2025\/11\/BANNER-2-inscrpciones_conda-370x160.jpg 370w, https:\/\/condamine.edu.ec\/wp-content\/uploads\/2025\/11\/BANNER-2-inscrpciones_conda-770x332.jpg 770w, https:\/\/condamine.edu.ec\/wp-content\/uploads\/2025\/11\/BANNER-2-inscrpciones_conda-1536x663.jpg 1536w, https:\/\/condamine.edu.ec\/wp-content\/uploads\/2025\/11\/BANNER-2-inscrpciones_conda.jpg 1780w\" sizes=\"(max-width: 800px) 100vw, 800px\" \/>\t\t\t\t\t\t\t\t\t\t\t\t\t\t\t<\/div>\n\t\t\t\t<\/div>\n\t\t\t\t<\/div>\n\t\t<div class=\"elementor-element elementor-element-22d429c e-con-full e-flex e-con e-child\" data-id=\"22d429c\" data-element_type=\"container\" data-e-type=\"container\">\n\t\t\t\t<div class=\"elementor-element elementor-element-ca6b84e elementor-widget elementor-widget-text-editor\" data-id=\"ca6b84e\" data-element_type=\"widget\" data-e-type=\"widget\" data-widget_type=\"text-editor.default\">\n\t\t\t\t<div class=\"elementor-widget-container\">\n\t\t\t\t\t\t\t\t\t<p>F\u00e9licitations pour avoir choisi le Lyc\u00e9e franco-\u00e9quatorien La Condamine !<\/p><p>\u00a0<\/p><p>La meilleure option pour l&rsquo;avenir de vos enfants.<\/p>\t\t\t\t\t\t\t\t<\/div>\n\t\t\t\t<\/div>\n\t\t\t\t<\/div>\n\t\t\t\t<\/div>\n\t\t<div class=\"elementor-element elementor-element-2e8aa3f e-con-full e-flex e-con e-parent\" data-id=\"2e8aa3f\" data-element_type=\"container\" data-e-type=\"container\">\n\t\t\t\t<div class=\"elementor-element elementor-element-2b7fd0c elementor-widget elementor-widget-spacer\" data-id=\"2b7fd0c\" data-element_type=\"widget\" data-e-type=\"widget\" data-widget_type=\"spacer.default\">\n\t\t\t\t<div class=\"elementor-widget-container\">\n\t\t\t\t\t\t\t<div class=\"elementor-spacer\">\n\t\t\t<div class=\"elementor-spacer-inner\"><\/div>\n\t\t<\/div>\n\t\t\t\t\t\t<\/div>\n\t\t\t\t<\/div>\n\t\t\t\t<\/div>\n\t\t<div class=\"elementor-element elementor-element-f26b0ef e-con-full e-flex e-con e-parent\" data-id=\"f26b0ef\" data-element_type=\"container\" data-e-type=\"container\">\n\t\t\t\t<div class=\"elementor-element elementor-element-0301bea elementor-widget elementor-widget-text-editor\" data-id=\"0301bea\" data-element_type=\"widget\" data-e-type=\"widget\" data-widget_type=\"text-editor.default\">\n\t\t\t\t<div class=\"elementor-widget-container\">\n\t\t\t\t\t\t\t\t\t<p>Au <strong>Lyc\u00e9e franco-\u00e9quatorien La Condamine<\/strong>, nous sommes heureux de vous accueillir, vous et votre famille, dans cette grande aventure \u00e9ducative. Nous choisir, c&rsquo;est choisir un avenir plein d&rsquo;opportunit\u00e9s, de croissance et d&rsquo;excellence. Nous savons que l&rsquo;\u00e9ducation de vos enfants est l&rsquo;une des d\u00e9cisions les plus importantes, et pour cette raison, nous nous engageons \u00e0 offrir un environnement s\u00fbr, inclusif et de haute qualit\u00e9 qui favorise le d\u00e9veloppement int\u00e9gral de chacun de nos \u00e9l\u00e8ves.<\/p><p>\u00a0<\/p><h2><strong>Pourquoi Le Lyc\u00e9e La Condamine ?<\/strong><\/h2><p>\u00a0<\/p><p>Parce que nous croyons en une approche \u00e9ducative unique, o\u00f9 <strong>le bien-\u00eatre de l&rsquo;\u00e9l\u00e8ve est notre priorit\u00e9<\/strong>. Gr\u00e2ce \u00e0 un programme d&rsquo;\u00e9tudes approuv\u00e9 par le <strong>Minist\u00e8re fran\u00e7ais de l&rsquo;Education<\/strong> et <strong>le Minist\u00e8re \u00e9quatorien de l&rsquo;Education<\/strong>, nos \u00e9l\u00e8ves ont acc\u00e8s \u00e0 une \u00e9ducation <strong>trilingue<\/strong> (fran\u00e7ais, anglais et espagnol) qui leur permet d&rsquo;ouvrir les portes d&rsquo;un monde globalis\u00e9, pr\u00e9par\u00e9s \u00e0 affronter les d\u00e9fis de l&rsquo;avenir.<\/p><p>En tant que membre du <strong>r\u00e9seau de l&rsquo;enseignement fran\u00e7ais \u00e0 l&rsquo;\u00e9tranger<\/strong>, nous faisons partie d&rsquo;une communaut\u00e9 \u00e9ducative internationale pr\u00e9sente dans plus de 139 pays. Cela nous permet d&rsquo;offrir \u00e0 nos \u00e9l\u00e8ves une <strong>\u00e9ducation d&rsquo;excellence acad\u00e9mique<\/strong> bas\u00e9e sur les plus hauts standards \u00e9ducatifs internationaux, tout en pr\u00e9servant la richesse culturelle de l&rsquo;Equateur.<\/p><p>\u00c0 La Condamine, chaque enfant est consid\u00e9r\u00e9 comme unique. Gr\u00e2ce \u00e0 une m\u00e9thodologie innovante et personnalis\u00e9e, nous encourageons non seulement l&rsquo;apprentissage acad\u00e9mique, mais aussi le d\u00e9veloppement de comp\u00e9tences \u00e9motionnelles, sociales et de leadership. Nous voulons que nos \u00e9l\u00e8ves deviennent des <strong>citoyens du monde<\/strong>, engag\u00e9s dans leur communaut\u00e9 et dans le monde, et pr\u00e9par\u00e9s \u00e0 exceller dans n&rsquo;importe quel environnement.<\/p>\t\t\t\t\t\t\t\t<\/div>\n\t\t\t\t<\/div>\n\t\t\t\t<\/div>\n\t\t<div class=\"elementor-element elementor-element-5be6be5 e-grid e-con-boxed e-con e-parent\" data-id=\"5be6be5\" data-element_type=\"container\" data-e-type=\"container\">\n\t\t\t\t\t<div class=\"e-con-inner\">\n\t\t\t\t<div class=\"elementor-element elementor-element-6ec47b1 elementor-widget elementor-widget-video\" data-id=\"6ec47b1\" data-element_type=\"widget\" data-e-type=\"widget\" data-settings=\"{&quot;youtube_url&quot;:&quot;https:\\\/\\\/youtu.be\\\/JV9hnd11Kpc&quot;,&quot;video_type&quot;:&quot;youtube&quot;,&quot;controls&quot;:&quot;yes&quot;}\" data-widget_type=\"video.default\">\n\t\t\t\t<div class=\"elementor-widget-container\">\n\t\t\t\t\t\t\t<div class=\"elementor-wrapper elementor-open-inline\">\n\t\t\t<div class=\"elementor-video\"><\/div>\t\t<\/div>\n\t\t\t\t\t\t<\/div>\n\t\t\t\t<\/div>\n\t\t\t\t<div class=\"elementor-element elementor-element-f552129 elementor-widget elementor-widget-text-editor\" data-id=\"f552129\" data-element_type=\"widget\" data-e-type=\"widget\" data-widget_type=\"text-editor.default\">\n\t\t\t\t<div class=\"elementor-widget-container\">\n\t\t\t\t\t\t\t\t\t<h4><strong>Bienvenue dans un lieu o\u00f9 vos enfants grandiront, apprendront et deviendront les leaders de demain !<\/strong><\/h4><p>Si vous \u00eates pr\u00eat \u00e0 franchir une nouvelle \u00e9tape dans l&rsquo;\u00e9ducation de votre enfant, nous vous invitons \u00e0 faire partie de notre communaut\u00e9. Nous serons heureux de vous accompagner dans cette aventure.<\/p><h4>\u00a0<\/h4><h4><strong>La Condamine, un avenir brillant commence ici !<\/strong><\/h4>\t\t\t\t\t\t\t\t<\/div>\n\t\t\t\t<\/div>\n\t\t\t\t\t<\/div>\n\t\t\t\t<\/div>\n\t\t<div class=\"elementor-element elementor-element-73052ca e-con-full e-flex e-con e-parent\" data-id=\"73052ca\" data-element_type=\"container\" data-e-type=\"container\">\n\t\t<div class=\"elementor-element elementor-element-a0c96df e-con-full e-flex e-con e-child\" data-id=\"a0c96df\" data-element_type=\"container\" data-e-type=\"container\">\n\t\t\t\t<div class=\"elementor-element elementor-element-766e007 elementor-widget elementor-widget-image\" data-id=\"766e007\" data-element_type=\"widget\" data-e-type=\"widget\" data-widget_type=\"image.default\">\n\t\t\t\t<div class=\"elementor-widget-container\">\n\t\t\t\t\t\t\t\t\t\t\t\t\t\t\t<img decoding=\"async\" width=\"645\" height=\"1024\" src=\"https:\/\/condamine.edu.ec\/wp-content\/uploads\/2025\/11\/ETAPAS-ADMISIONES-2026-2027-FR-645x1024.jpg\" class=\"attachment-large size-large wp-image-42451\" alt=\"\" srcset=\"https:\/\/condamine.edu.ec\/wp-content\/uploads\/2025\/11\/ETAPAS-ADMISIONES-2026-2027-FR-645x1024.jpg 645w, https:\/\/condamine.edu.ec\/wp-content\/uploads\/2025\/11\/ETAPAS-ADMISIONES-2026-2027-FR-189x300.jpg 189w, https:\/\/condamine.edu.ec\/wp-content\/uploads\/2025\/11\/ETAPAS-ADMISIONES-2026-2027-FR-315x500.jpg 315w, https:\/\/condamine.edu.ec\/wp-content\/uploads\/2025\/11\/ETAPAS-ADMISIONES-2026-2027-FR-290x460.jpg 290w, https:\/\/condamine.edu.ec\/wp-content\/uploads\/2025\/11\/ETAPAS-ADMISIONES-2026-2027-FR.jpg 768w\" sizes=\"(max-width: 645px) 100vw, 645px\" \/>\t\t\t\t\t\t\t\t\t\t\t\t\t\t\t<\/div>\n\t\t\t\t<\/div>\n\t\t\t\t<\/div>\n\t\t<div class=\"elementor-element elementor-element-e5d7446 e-con-full e-flex e-con e-child\" data-id=\"e5d7446\" data-element_type=\"container\" data-e-type=\"container\">\n\t\t\t\t<div class=\"elementor-element elementor-element-b669393 elementor-widget elementor-widget-heading\" data-id=\"b669393\" data-element_type=\"widget\" data-e-type=\"widget\" data-widget_type=\"heading.default\">\n\t\t\t\t<div class=\"elementor-widget-container\">\n\t\t\t\t\t<h2 class=\"elementor-heading-title elementor-size-default\">Formulaire d'admission 2026<\/h2>\t\t\t\t<\/div>\n\t\t\t\t<\/div>\n\t\t\t\t<div class=\"elementor-element elementor-element-7885306 elementor-widget elementor-widget-html\" data-id=\"7885306\" data-element_type=\"widget\" data-e-type=\"widget\" data-widget_type=\"html.default\">\n\t\t\t\t<div class=\"elementor-widget-container\">\n\t\t\t\t\t\r\n    <iframe\r\n      id=\"JotFormIFrame-252724856926671\"\r\n      title=\"Formulaire d'admission 2025\"\r\n      onload=\"window.parent.scrollTo(0,0)\"\r\n      allowtransparency=\"true\"\r\n      allow=\"geolocation; microphone; camera; fullscreen; payment\"\r\n      src=\"https:\/\/form.jotform.com\/252724856926671\"\r\n      frameborder=\"0\"\r\n      style=\"min-width:100%;max-width:100%;height:539px;border:none;\"\r\n      scrolling=\"no\"\r\n    >\r\n    <\/iframe>\r\n    <script src='https:\/\/cdn.jotfor.ms\/s\/umd\/latest\/for-form-embed-handler.js'><\/script>\r\n    <script>window.jotformEmbedHandler(\"iframe[id='JotFormIFrame-252724856926671']\", \"https:\/\/form.jotform.com\/\")<\/script>\r\n    \t\t\t\t<\/div>\n\t\t\t\t<\/div>\n\t\t\t\t<\/div>\n\t\t\t\t<\/div>\n\t\t<div class=\"elementor-element elementor-element-0fff4c0 e-flex e-con-boxed e-con e-parent\" data-id=\"0fff4c0\" data-element_type=\"container\" data-e-type=\"container\">\n\t\t\t\t\t<div class=\"e-con-inner\">\n\t\t\t\t<div class=\"elementor-element elementor-element-13537cb elementor-widget elementor-widget-spacer\" data-id=\"13537cb\" data-element_type=\"widget\" data-e-type=\"widget\" data-widget_type=\"spacer.default\">\n\t\t\t\t<div class=\"elementor-widget-container\">\n\t\t\t\t\t\t\t<div class=\"elementor-spacer\">\n\t\t\t<div class=\"elementor-spacer-inner\"><\/div>\n\t\t<\/div>\n\t\t\t\t\t\t<\/div>\n\t\t\t\t<\/div>\n\t\t\t\t\t<\/div>\n\t\t\t\t<\/div>\n\t\t<div class=\"elementor-element elementor-element-da27c8c e-con-full e-flex e-con e-parent\" data-id=\"da27c8c\" data-element_type=\"container\" data-e-type=\"container\">\n\t\t\t\t<div class=\"elementor-element elementor-element-95a2ff4 elementor-widget elementor-widget-heading\" data-id=\"95a2ff4\" data-element_type=\"widget\" data-e-type=\"widget\" data-widget_type=\"heading.default\">\n\t\t\t\t<div class=\"elementor-widget-container\">\n\t\t\t\t\t<h2 class=\"elementor-heading-title elementor-size-default\">Programmez une Visite Guid\u00e9e<\/h2>\t\t\t\t<\/div>\n\t\t\t\t<\/div>\n\t\t\t\t<\/div>\n\t\t<div class=\"elementor-element elementor-element-3ba9020 e-flex e-con-boxed e-con e-parent\" data-id=\"3ba9020\" data-element_type=\"container\" data-e-type=\"container\">\n\t\t\t\t\t<div class=\"e-con-inner\">\n\t\t\t\t<div class=\"elementor-element elementor-element-097fb76 elementor-widget elementor-widget-html\" data-id=\"097fb76\" data-element_type=\"widget\" data-e-type=\"widget\" data-widget_type=\"html.default\">\n\t\t\t\t<div class=\"elementor-widget-container\">\n\t\t\t\t\t<!-- Principio del widget integrado de Calendly -->\r\n<div class=\"calendly-inline-widget\" data-url=\"https:\/\/calendly.com\/secretariamat-citas\/visita-guiada-la-condamine\" style=\"min-width:320px;height:700px;\"><\/div>\r\n<script type=\"text\/javascript\" src=\"https:\/\/assets.calendly.com\/assets\/external\/widget.js\" async><\/script>\r\n<!-- Final del widget integrado de Calendly -->\t\t\t\t<\/div>\n\t\t\t\t<\/div>\n\t\t\t\t\t<\/div>\n\t\t\t\t<\/div>\n\t\t<div class=\"elementor-element elementor-element-9b812b4 e-con-full e-flex e-con e-parent\" data-id=\"9b812b4\" data-element_type=\"container\" data-e-type=\"container\">\n\t\t\t\t<div class=\"elementor-element elementor-element-a568d70 elementor-widget elementor-widget-heading\" data-id=\"a568d70\" data-element_type=\"widget\" data-e-type=\"widget\" data-widget_type=\"heading.default\">\n\t\t\t\t<div class=\"elementor-widget-container\">\n\t\t\t\t\t<h2 class=\"elementor-heading-title elementor-size-default\">Tarifs 2026-2027<\/h2>\t\t\t\t<\/div>\n\t\t\t\t<\/div>\n\t\t\t\t<\/div>\n\t\t<div class=\"elementor-element elementor-element-248be80 e-flex e-con-boxed e-con e-parent\" data-id=\"248be80\" data-element_type=\"container\" data-e-type=\"container\">\n\t\t\t\t\t<div class=\"e-con-inner\">\n\t\t<div class=\"elementor-element elementor-element-8c27572 e-con-full e-flex e-con e-child\" data-id=\"8c27572\" data-element_type=\"container\" data-e-type=\"container\">\n\t\t\t\t<div class=\"elementor-element elementor-element-16645f7 elementor-widget elementor-widget-image\" data-id=\"16645f7\" data-element_type=\"widget\" data-e-type=\"widget\" data-widget_type=\"image.default\">\n\t\t\t\t<div class=\"elementor-widget-container\">\n\t\t\t\t\t\t\t\t\t\t\t\t\t\t\t\t<a href=\"https:\/\/condamine.edu.ec\/wp-content\/uploads\/2026\/01\/TARIFAS-GENERALES-PENSIONES-MATRICULAS-2026-2027-PDF.pdf\" target=\"_blank\">\n\t\t\t\t\t\t\t<img decoding=\"async\" width=\"113\" height=\"152\" src=\"https:\/\/condamine.edu.ec\/wp-content\/uploads\/2023\/12\/pdf-web.png\" class=\"attachment-large size-large wp-image-1021\" alt=\"\" \/>\t\t\t\t\t\t\t\t<\/a>\n\t\t\t\t\t\t\t\t\t\t\t\t\t\t\t<\/div>\n\t\t\t\t<\/div>\n\t\t\t\t<div class=\"elementor-element elementor-element-42275db elementor-widget elementor-widget-heading\" data-id=\"42275db\" data-element_type=\"widget\" data-e-type=\"widget\" data-widget_type=\"heading.default\">\n\t\t\t\t<div class=\"elementor-widget-container\">\n\t\t\t\t\t<h4 class=\"elementor-heading-title elementor-size-default\"><a href=\"https:\/\/condamine.edu.ec\/wp-content\/uploads\/2026\/01\/TARIFAS-GENERALES-PENSIONES-MATRICULAS-2026-2027-PDF.pdf\" target=\"_blank\">Tarifs 2026-2027<\/a><\/h4>\t\t\t\t<\/div>\n\t\t\t\t<\/div>\n\t\t\t\t<\/div>\n\t\t\t\t\t<\/div>\n\t\t\t\t<\/div>\n\t\t\t\t<\/div>\n\t\t","protected":false},"excerpt":{"rendered":"<p>Admissions F\u00e9licitations pour avoir choisi le Lyc\u00e9e franco-\u00e9quatorien La Condamine ! \u00a0 La meilleure option pour l&rsquo;avenir de vos enfants. Au Lyc\u00e9e franco-\u00e9quatorien La Condamine, nous sommes heureux de vous accueillir, vous et votre famille, dans cette grande aventure \u00e9ducative. Nous choisir, c&rsquo;est choisir un avenir plein d&rsquo;opportunit\u00e9s, de croissance et d&rsquo;excellence. Nous savons que [&hellip;]<\/p>\n","protected":false},"author":2,"featured_media":0,"parent":0,"menu_order":0,"comment_status":"closed","ping_status":"closed","template":"","meta":{"footnotes":""},"class_list":["post-24640","page","type-page","status-publish","hentry"],"_links":{"self":[{"href":"https:\/\/condamine.edu.ec\/index.php?rest_route=\/wp\/v2\/pages\/24640","targetHints":{"allow":["GET"]}}],"collection":[{"href":"https:\/\/condamine.edu.ec\/index.php?rest_route=\/wp\/v2\/pages"}],"about":[{"href":"https:\/\/condamine.edu.ec\/index.php?rest_route=\/wp\/v2\/types\/page"}],"author":[{"embeddable":true,"href":"https:\/\/condamine.edu.ec\/index.php?rest_route=\/wp\/v2\/users\/2"}],"replies":[{"embeddable":true,"href":"https:\/\/condamine.edu.ec\/index.php?rest_route=%2Fwp%2Fv2%2Fcomments&post=24640"}],"version-history":[{"count":61,"href":"https:\/\/condamine.edu.ec\/index.php?rest_route=\/wp\/v2\/pages\/24640\/revisions"}],"predecessor-version":[{"id":49676,"href":"https:\/\/condamine.edu.ec\/index.php?rest_route=\/wp\/v2\/pages\/24640\/revisions\/49676"}],"wp:attachment":[{"href":"https:\/\/condamine.edu.ec\/index.php?rest_route=%2Fwp%2Fv2%2Fmedia&parent=24640"}],"curies":[{"name":"wp","href":"https:\/\/api.w.org\/{rel}","templated":true}]}}