{"id":24264,"date":"2024-10-29T15:05:51","date_gmt":"2024-10-29T20:05:51","guid":{"rendered":"https:\/\/condamine.edu.ec\/?page_id=24264"},"modified":"2024-10-31T18:53:04","modified_gmt":"2024-10-31T23:53:04","slug":"certification-e3d","status":"publish","type":"page","link":"https:\/\/condamine.edu.ec\/?page_id=24264&lang=es","title":{"rendered":"Certificaci\u00f3n E3D"},"content":{"rendered":"\t\t<div data-elementor-type=\"wp-page\" data-elementor-id=\"24264\" class=\"elementor elementor-24264 elementor-22534\" data-elementor-post-type=\"page\">\n\t\t\t\t<div class=\"elementor-element elementor-element-6e5d2da e-flex e-con-boxed e-con e-parent\" data-id=\"6e5d2da\" data-element_type=\"container\" data-e-type=\"container\">\n\t\t\t\t\t<div class=\"e-con-inner\">\n\t\t\t\t<div class=\"elementor-element elementor-element-97f1126 elementor-widget elementor-widget-spacer\" data-id=\"97f1126\" data-element_type=\"widget\" data-e-type=\"widget\" data-widget_type=\"spacer.default\">\n\t\t\t\t<div class=\"elementor-widget-container\">\n\t\t\t\t\t\t\t<div class=\"elementor-spacer\">\n\t\t\t<div class=\"elementor-spacer-inner\"><\/div>\n\t\t<\/div>\n\t\t\t\t\t\t<\/div>\n\t\t\t\t<\/div>\n\t\t\t\t\t<\/div>\n\t\t\t\t<\/div>\n\t\t<div class=\"elementor-element elementor-element-1b409c2 e-con-full e-flex e-con e-parent\" data-id=\"1b409c2\" data-element_type=\"container\" data-e-type=\"container\">\n\t\t\t\t<div class=\"elementor-element elementor-element-b4280a7 elementor-widget elementor-widget-heading\" data-id=\"b4280a7\" data-element_type=\"widget\" data-e-type=\"widget\" data-widget_type=\"heading.default\">\n\t\t\t\t<div class=\"elementor-widget-container\">\n\t\t\t\t\t<h2 class=\"elementor-heading-title elementor-size-default\">Certificaci\u00f3n E3D<\/h2>\t\t\t\t<\/div>\n\t\t\t\t<\/div>\n\t\t\t\t<\/div>\n\t\t<div class=\"elementor-element elementor-element-44bdce5 e-con-full e-flex e-con e-parent\" data-id=\"44bdce5\" data-element_type=\"container\" data-e-type=\"container\">\n\t\t<div class=\"elementor-element elementor-element-5981b2d e-con-full e-flex e-con e-child\" data-id=\"5981b2d\" data-element_type=\"container\" data-e-type=\"container\">\n\t\t\t\t<div class=\"elementor-element elementor-element-ff8211c elementor-widget elementor-widget-text-editor\" data-id=\"ff8211c\" data-element_type=\"widget\" data-e-type=\"widget\" data-widget_type=\"text-editor.default\">\n\t\t\t\t<div class=\"elementor-widget-container\">\n\t\t\t\t\t\t\t\t\t<h3 class=\"entry-title\">\u00a0El Colegio La Condamine obtiene el sello E3D por su compromiso con el desarrollo sostenible<\/h3>\t\t\t\t\t\t\t\t<\/div>\n\t\t\t\t<\/div>\n\t\t\t\t<\/div>\n\t\t\t\t<\/div>\n\t\t<div class=\"elementor-element elementor-element-4afeb0f e-con-full e-flex e-con e-parent\" data-id=\"4afeb0f\" data-element_type=\"container\" data-e-type=\"container\">\n\t\t<div class=\"elementor-element elementor-element-7f08615 e-con-full e-flex e-con e-child\" data-id=\"7f08615\" data-element_type=\"container\" data-e-type=\"container\">\n\t\t\t\t<div class=\"elementor-element elementor-element-5960e6d elementor-widget elementor-widget-text-editor\" data-id=\"5960e6d\" data-element_type=\"widget\" data-e-type=\"widget\" data-widget_type=\"text-editor.default\">\n\t\t\t\t<div class=\"elementor-widget-container\">\n\t\t\t\t\t\t\t\t\t<p>En efecto, gracias a las numerosas acciones emprendidas por el Colegio para ser parte de un enfoque global de desarrollo sostenible, el <strong>comit\u00e9 directivo acad\u00e9mico EDD de\u00a0la Academia de Burdeos<\/strong> (Francia) valid\u00f3 la atribuci\u00f3n del <strong>sello acad\u00e9mico E3D<\/strong> para nuestro establecimiento binacional con un aviso muy favorable.<\/p><p>\u00a0<\/p><p>El Colegio La Condamine es uno de los dos \u00fanicos colegios de la red en obtener esta certificaci\u00f3n en la zona \u201cAMLANORD\u201d.<\/p><p><strong>Esta certificac\u00f3n E3D reconoce el compromiso de nuestro establecimiento con un enfoque de desarrollo sostenible.<\/strong><\/p><p><br \/>Vamos a consolidar nuestro enfoque, en particular al reforzar la implicaci\u00f3n de nuestros ecodelegados en las acciones de E3D.\u00a0<\/p>\t\t\t\t\t\t\t\t<\/div>\n\t\t\t\t<\/div>\n\t\t\t\t<\/div>\n\t\t<div class=\"elementor-element elementor-element-016ce24 e-con-full e-flex e-con e-child\" data-id=\"016ce24\" data-element_type=\"container\" data-e-type=\"container\">\n\t\t\t\t<div class=\"elementor-element elementor-element-b2c8d8b elementor-widget elementor-widget-image\" data-id=\"b2c8d8b\" data-element_type=\"widget\" data-e-type=\"widget\" data-widget_type=\"image.default\">\n\t\t\t\t<div class=\"elementor-widget-container\">\n\t\t\t\t\t\t\t\t\t\t\t\t\t\t\t<img fetchpriority=\"high\" decoding=\"async\" width=\"800\" height=\"420\" src=\"https:\/\/condamine.edu.ec\/wp-content\/uploads\/2024\/10\/LABEL-E3D.jpg\" class=\"attachment-large size-large wp-image-22538\" alt=\"\" srcset=\"https:\/\/condamine.edu.ec\/wp-content\/uploads\/2024\/10\/LABEL-E3D.jpg 800w, https:\/\/condamine.edu.ec\/wp-content\/uploads\/2024\/10\/LABEL-E3D-300x158.jpg 300w, https:\/\/condamine.edu.ec\/wp-content\/uploads\/2024\/10\/LABEL-E3D-768x403.jpg 768w, https:\/\/condamine.edu.ec\/wp-content\/uploads\/2024\/10\/LABEL-E3D-370x194.jpg 370w, https:\/\/condamine.edu.ec\/wp-content\/uploads\/2024\/10\/LABEL-E3D-770x404.jpg 770w\" sizes=\"(max-width: 800px) 100vw, 800px\" \/>\t\t\t\t\t\t\t\t\t\t\t\t\t\t\t<\/div>\n\t\t\t\t<\/div>\n\t\t\t\t<\/div>\n\t\t\t\t<\/div>\n\t\t<div class=\"elementor-element elementor-element-f23d385 e-flex e-con-boxed e-con e-parent\" data-id=\"f23d385\" data-element_type=\"container\" data-e-type=\"container\">\n\t\t\t\t\t<div class=\"e-con-inner\">\n\t\t\t\t<div class=\"elementor-element elementor-element-0ac356b elementor-widget elementor-widget-image\" data-id=\"0ac356b\" data-element_type=\"widget\" data-e-type=\"widget\" data-widget_type=\"image.default\">\n\t\t\t\t<div class=\"elementor-widget-container\">\n\t\t\t\t\t\t\t\t\t\t\t\t\t\t\t<img decoding=\"async\" width=\"768\" height=\"543\" src=\"https:\/\/condamine.edu.ec\/wp-content\/uploads\/2024\/10\/EFE3D-attestation-Equateur-Quito-LaCondamine_page-0001-768x543-1.jpg\" class=\"attachment-large size-large wp-image-22541\" alt=\"\" srcset=\"https:\/\/condamine.edu.ec\/wp-content\/uploads\/2024\/10\/EFE3D-attestation-Equateur-Quito-LaCondamine_page-0001-768x543-1.jpg 768w, https:\/\/condamine.edu.ec\/wp-content\/uploads\/2024\/10\/EFE3D-attestation-Equateur-Quito-LaCondamine_page-0001-768x543-1-300x212.jpg 300w, https:\/\/condamine.edu.ec\/wp-content\/uploads\/2024\/10\/EFE3D-attestation-Equateur-Quito-LaCondamine_page-0001-768x543-1-370x262.jpg 370w, https:\/\/condamine.edu.ec\/wp-content\/uploads\/2024\/10\/EFE3D-attestation-Equateur-Quito-LaCondamine_page-0001-768x543-1-651x460.jpg 651w\" sizes=\"(max-width: 768px) 100vw, 768px\" \/>\t\t\t\t\t\t\t\t\t\t\t\t\t\t\t<\/div>\n\t\t\t\t<\/div>\n\t\t\t\t\t<\/div>\n\t\t\t\t<\/div>\n\t\t<div class=\"elementor-element elementor-element-076196c e-flex e-con-boxed e-con e-parent\" data-id=\"076196c\" data-element_type=\"container\" data-e-type=\"container\">\n\t\t\t\t\t<div class=\"e-con-inner\">\n\t\t\t\t<div class=\"elementor-element elementor-element-4037999 elementor-widget elementor-widget-spacer\" data-id=\"4037999\" data-element_type=\"widget\" data-e-type=\"widget\" data-widget_type=\"spacer.default\">\n\t\t\t\t<div class=\"elementor-widget-container\">\n\t\t\t\t\t\t\t<div class=\"elementor-spacer\">\n\t\t\t<div class=\"elementor-spacer-inner\"><\/div>\n\t\t<\/div>\n\t\t\t\t\t\t<\/div>\n\t\t\t\t<\/div>\n\t\t\t\t\t<\/div>\n\t\t\t\t<\/div>\n\t\t<div class=\"elementor-element elementor-element-452e551 e-con-full e-flex e-con e-parent\" data-id=\"452e551\" data-element_type=\"container\" data-e-type=\"container\">\n\t\t<div class=\"elementor-element elementor-element-601cd65 e-con-full e-flex e-con e-child\" data-id=\"601cd65\" data-element_type=\"container\" data-e-type=\"container\">\n\t\t\t\t<div class=\"elementor-element elementor-element-748918a elementor-widget elementor-widget-text-editor\" data-id=\"748918a\" data-element_type=\"widget\" data-e-type=\"widget\" data-widget_type=\"text-editor.default\">\n\t\t\t\t<div class=\"elementor-widget-container\">\n\t\t\t\t\t\t\t\t\t<p><strong>\u00a1Felicidades a todos los actores del colegio franco-ecuatoriano La Condamine que participaron y contribuyeron mucho a la obtenci\u00f3n de esta preciada etiqueta E3D!<br \/><\/strong><\/p>\t\t\t\t\t\t\t\t<\/div>\n\t\t\t\t<\/div>\n\t\t\t\t<\/div>\n\t\t\t\t<\/div>\n\t\t\t\t<\/div>\n\t\t","protected":false},"excerpt":{"rendered":"<p>Certificaci\u00f3n E3D \u00a0El Colegio La Condamine obtiene el sello E3D por su compromiso con el desarrollo sostenible En efecto, gracias a las numerosas acciones emprendidas por el Colegio para ser parte de un enfoque global de desarrollo sostenible, el comit\u00e9 directivo acad\u00e9mico EDD de\u00a0la Academia de Burdeos (Francia) valid\u00f3 la atribuci\u00f3n del sello acad\u00e9mico E3D [&hellip;]<\/p>\n","protected":false},"author":2,"featured_media":0,"parent":0,"menu_order":0,"comment_status":"closed","ping_status":"closed","template":"","meta":{"footnotes":""},"class_list":["post-24264","page","type-page","status-publish","hentry"],"_links":{"self":[{"href":"https:\/\/condamine.edu.ec\/index.php?rest_route=\/wp\/v2\/pages\/24264","targetHints":{"allow":["GET"]}}],"collection":[{"href":"https:\/\/condamine.edu.ec\/index.php?rest_route=\/wp\/v2\/pages"}],"about":[{"href":"https:\/\/condamine.edu.ec\/index.php?rest_route=\/wp\/v2\/types\/page"}],"author":[{"embeddable":true,"href":"https:\/\/condamine.edu.ec\/index.php?rest_route=\/wp\/v2\/users\/2"}],"replies":[{"embeddable":true,"href":"https:\/\/condamine.edu.ec\/index.php?rest_route=%2Fwp%2Fv2%2Fcomments&post=24264"}],"version-history":[{"count":4,"href":"https:\/\/condamine.edu.ec\/index.php?rest_route=\/wp\/v2\/pages\/24264\/revisions"}],"predecessor-version":[{"id":24268,"href":"https:\/\/condamine.edu.ec\/index.php?rest_route=\/wp\/v2\/pages\/24264\/revisions\/24268"}],"wp:attachment":[{"href":"https:\/\/condamine.edu.ec\/index.php?rest_route=%2Fwp%2Fv2%2Fmedia&parent=24264"}],"curies":[{"name":"wp","href":"https:\/\/api.w.org\/{rel}","templated":true}]}}