{"id":23993,"date":"2024-10-22T10:52:13","date_gmt":"2024-10-22T15:52:13","guid":{"rendered":"https:\/\/condamine.edu.ec\/?page_id=23993"},"modified":"2026-03-23T11:45:38","modified_gmt":"2026-03-23T16:45:38","slug":"offres-demplois-recrutement-local","status":"publish","type":"page","link":"https:\/\/condamine.edu.ec\/?page_id=23993&lang=es","title":{"rendered":"Ofertas de empleo &#8211; Contrataci\u00f3n local"},"content":{"rendered":"\t\t<div data-elementor-type=\"wp-page\" data-elementor-id=\"23993\" class=\"elementor elementor-23993 elementor-21430\" data-elementor-post-type=\"page\">\n\t\t\t\t<div class=\"elementor-element elementor-element-6e5d2da e-flex e-con-boxed e-con e-parent\" data-id=\"6e5d2da\" data-element_type=\"container\" data-e-type=\"container\">\n\t\t\t\t\t<div class=\"e-con-inner\">\n\t\t\t\t<div class=\"elementor-element elementor-element-97f1126 elementor-widget elementor-widget-spacer\" data-id=\"97f1126\" data-element_type=\"widget\" data-e-type=\"widget\" data-widget_type=\"spacer.default\">\n\t\t\t\t<div class=\"elementor-widget-container\">\n\t\t\t\t\t\t\t<div class=\"elementor-spacer\">\n\t\t\t<div class=\"elementor-spacer-inner\"><\/div>\n\t\t<\/div>\n\t\t\t\t\t\t<\/div>\n\t\t\t\t<\/div>\n\t\t\t\t\t<\/div>\n\t\t\t\t<\/div>\n\t\t<div class=\"elementor-element elementor-element-1b409c2 e-con-full e-flex e-con e-parent\" data-id=\"1b409c2\" data-element_type=\"container\" data-e-type=\"container\">\n\t\t\t\t<div class=\"elementor-element elementor-element-b4280a7 elementor-widget elementor-widget-heading\" data-id=\"b4280a7\" data-element_type=\"widget\" data-e-type=\"widget\" data-widget_type=\"heading.default\">\n\t\t\t\t<div class=\"elementor-widget-container\">\n\t\t\t\t\t<h2 class=\"elementor-heading-title elementor-size-default\">Ofertas de empleo - Contrataci\u00f3n local<\/h2>\t\t\t\t<\/div>\n\t\t\t\t<\/div>\n\t\t\t\t<\/div>\n\t\t<div class=\"elementor-element elementor-element-c865c3d e-flex e-con-boxed e-con e-parent\" data-id=\"c865c3d\" data-element_type=\"container\" data-e-type=\"container\">\n\t\t\t\t\t<div class=\"e-con-inner\">\n\t\t<div class=\"elementor-element elementor-element-3c9153d e-con-full e-flex e-con e-child\" data-id=\"3c9153d\" data-element_type=\"container\" data-e-type=\"container\">\n\t\t\t\t<div class=\"elementor-element elementor-element-8586c2e elementor-widget elementor-widget-text-editor\" data-id=\"8586c2e\" data-element_type=\"widget\" data-e-type=\"widget\" data-widget_type=\"text-editor.default\">\n\t\t\t\t<div class=\"elementor-widget-container\">\n\t\t\t\t\t\t\t\t\t<div class=\"entry-content\">\u00danase al equipo din\u00e1mico y multicultural del colegio Franco-Ecuatoriano La Condamine \u2013 Establecimiento de excelencia en Ecuador, homologado por la AEFE desde Inicial hasta 3ero de Bachillerato + Secci\u00f3n Internacional Estadounidense (Primaria \u2013 6\u00ba) \u2013 Contratamos profesores y profesoras de primaria y de secundaria\u00a0 en contrato local. Titulares de la Educaci\u00f3n Nacional, de la ense\u00f1anza privada o internacional preferidos. 3 a\u00f1os de experiencia m\u00ednima. Idioma espa\u00f1ol deseado. Se requieren referencias s\u00f3lidas. Presentaci\u00f3n cuidadosa.<\/div><div>\u00a0<\/div><div class=\"entry-content\"><p><strong>El colegio Franco-Ecuatoriano La Condamine es un empleador respetuoso del ambiente de trabajo propuesto y preocupado de la igualdad de oportunidades, se compromete a contratar personal diversificado aceptando las candidaturas de todas las personas cualificadas.<\/strong><\/p><\/div>\t\t\t\t\t\t\t\t<\/div>\n\t\t\t\t<\/div>\n\t\t\t\t<\/div>\n\t\t\t\t\t<\/div>\n\t\t\t\t<\/div>\n\t\t<div class=\"elementor-element elementor-element-c6c8210 e-flex e-con-boxed e-con e-parent\" data-id=\"c6c8210\" data-element_type=\"container\" data-e-type=\"container\">\n\t\t\t\t\t<div class=\"e-con-inner\">\n\t\t\t\t<div class=\"elementor-element elementor-element-4e82a77 elementor-widget elementor-widget-spacer\" data-id=\"4e82a77\" data-element_type=\"widget\" data-e-type=\"widget\" data-widget_type=\"spacer.default\">\n\t\t\t\t<div class=\"elementor-widget-container\">\n\t\t\t\t\t\t\t<div class=\"elementor-spacer\">\n\t\t\t<div class=\"elementor-spacer-inner\"><\/div>\n\t\t<\/div>\n\t\t\t\t\t\t<\/div>\n\t\t\t\t<\/div>\n\t\t\t\t\t<\/div>\n\t\t\t\t<\/div>\n\t\t<div class=\"elementor-element elementor-element-ace3881 e-con-full e-flex e-con e-parent\" data-id=\"ace3881\" data-element_type=\"container\" data-e-type=\"container\" data-settings=\"{&quot;background_background&quot;:&quot;classic&quot;}\">\n\t\t<div class=\"elementor-element elementor-element-3ecbea3 e-con-full e-flex e-con e-child\" data-id=\"3ecbea3\" data-element_type=\"container\" data-e-type=\"container\">\n\t\t\t\t<div class=\"elementor-element elementor-element-7a1eb3d elementor-widget elementor-widget-heading\" data-id=\"7a1eb3d\" data-element_type=\"widget\" data-e-type=\"widget\" data-widget_type=\"heading.default\">\n\t\t\t\t<div class=\"elementor-widget-container\">\n\t\t\t\t\t<h2 class=\"elementor-heading-title elementor-size-default\">Contrataci\u00f3n Inmediata \u2013 Contrato Local<\/h2>\t\t\t\t<\/div>\n\t\t\t\t<\/div>\n\t\t\t\t<\/div>\n\t\t\t\t<\/div>\n\t\t<div class=\"elementor-element elementor-element-ab6cbce e-flex e-con-boxed e-con e-parent\" data-id=\"ab6cbce\" data-element_type=\"container\" data-e-type=\"container\">\n\t\t\t\t\t<div class=\"e-con-inner\">\n\t\t\t\t<div class=\"elementor-element elementor-element-d860926 elementor-widget elementor-widget-spacer\" data-id=\"d860926\" data-element_type=\"widget\" data-e-type=\"widget\" data-widget_type=\"spacer.default\">\n\t\t\t\t<div class=\"elementor-widget-container\">\n\t\t\t\t\t\t\t<div class=\"elementor-spacer\">\n\t\t\t<div class=\"elementor-spacer-inner\"><\/div>\n\t\t<\/div>\n\t\t\t\t\t\t<\/div>\n\t\t\t\t<\/div>\n\t\t\t\t\t<\/div>\n\t\t\t\t<\/div>\n\t\t<div class=\"elementor-element elementor-element-21d36cb e-flex e-con-boxed e-con e-parent\" data-id=\"21d36cb\" data-element_type=\"container\" data-e-type=\"container\">\n\t\t\t\t\t<div class=\"e-con-inner\">\n\t\t\t\t<div class=\"elementor-element elementor-element-1100b76 elementor-widget elementor-widget-heading\" data-id=\"1100b76\" data-element_type=\"widget\" data-e-type=\"widget\" data-widget_type=\"heading.default\">\n\t\t\t\t<div class=\"elementor-widget-container\">\n\t\t\t\t\t<h2 class=\"elementor-heading-title elementor-size-default\">Puestos vacantes:<\/h2>\t\t\t\t<\/div>\n\t\t\t\t<\/div>\n\t\t\t\t\t<\/div>\n\t\t\t\t<\/div>\n\t\t<div class=\"elementor-element elementor-element-c78925c e-flex e-con-boxed e-con e-parent\" data-id=\"c78925c\" data-element_type=\"container\" data-e-type=\"container\">\n\t\t\t\t\t<div class=\"e-con-inner\">\n\t\t<div class=\"elementor-element elementor-element-f63a744 e-con-full e-flex e-con e-child\" data-id=\"f63a744\" data-element_type=\"container\" data-e-type=\"container\">\n\t\t\t\t<div class=\"elementor-element elementor-element-f45c1d8 elementor-widget elementor-widget-text-editor\" data-id=\"f45c1d8\" data-element_type=\"widget\" data-e-type=\"widget\" data-widget_type=\"text-editor.default\">\n\t\t\t\t<div class=\"elementor-widget-container\">\n\t\t\t\t\t\t\t\t\t<h3 data-start=\"1282\" data-end=\"1308\">Profesor\/a de matem\u00e1ticas en colegio y bachillerato<\/h3><h3 data-start=\"473\" data-end=\"490\">Perfil requerido<\/h3><ul data-start=\"69\" data-end=\"471\"><li data-start=\"1382\" data-end=\"1463\"><p data-start=\"239\" data-end=\"377\">T\u00edtulo universitario relacionado con la disciplina impartida.<\/p><\/li><li data-start=\"1382\" data-end=\"1463\"><p data-start=\"239\" data-end=\"377\">CAPES y agregaci\u00f3n valorados.<\/p><\/li><li data-start=\"1382\" data-end=\"1463\"><p data-start=\"516\" data-end=\"640\">Ense\u00f1anza de matem\u00e1ticas en colegio y\/o bachillerato<br data-start=\"587\" data-end=\"590\" \/>Se valorar\u00e1n adem\u00e1s las siguientes experiencias:<\/p><ul data-start=\"641\" data-end=\"824\"><li data-section-id=\"k1l3yv\" data-start=\"641\" data-end=\"733\"><p data-start=\"643\" data-end=\"733\">Ense\u00f1anza de la especialidad de Matem\u00e1ticas y NSI (Inform\u00e1tica y Ciencias de lo Digital)<\/p><\/li><li data-section-id=\"1ux3dir\" data-start=\"734\" data-end=\"768\"><p data-start=\"736\" data-end=\"768\">Profesor\/a principal (tutor\/a)<\/p><\/li><li data-section-id=\"jh6ruu\" data-start=\"769\" data-end=\"824\"><p data-start=\"771\" data-end=\"824\">Participaci\u00f3n en proyectos educativos y pedag\u00f3gicos<\/p><\/li><\/ul><\/li><\/ul><h3 data-start=\"473\" data-end=\"490\">Condiciones<\/h3><ul data-start=\"491\" data-end=\"711\"><li data-start=\"1608\" data-end=\"1627\"><p data-start=\"1610\" data-end=\"1627\">A partir del inicio del a\u00f1o escolar en septiembre de 2026<br data-start=\"159\" data-end=\"162\" \/>Contrato de derecho local a tiempo completo (18h)<\/p><\/li><\/ul><h3 data-start=\"473\" data-end=\"490\">Competencias requeridas<\/h3><ul data-start=\"491\" data-end=\"711\"><li data-start=\"1608\" data-end=\"1627\"><p data-start=\"1610\" data-end=\"1627\">Dominio indispensable del franc\u00e9s para comprender los programas y comunicarse dentro de la comunidad educativa.<\/p><\/li><li data-start=\"1608\" data-end=\"1627\"><p data-start=\"1610\" data-end=\"1627\">Conocimiento del sistema educativo franc\u00e9s y de los programas oficiales.<\/p><\/li><li data-start=\"1608\" data-end=\"1627\"><p data-start=\"1610\" data-end=\"1627\">Conocimiento de la psicolog\u00eda de adolescentes y j\u00f3venes.<\/p><\/li><li data-start=\"1608\" data-end=\"1627\"><p data-start=\"1610\" data-end=\"1627\">Trabajo en equipo disciplinario, pedag\u00f3gico y educativo.<\/p><\/li><li data-start=\"1608\" data-end=\"1627\"><p data-start=\"1610\" data-end=\"1627\">Comunicaci\u00f3n con las familias.<\/p><\/li><li data-start=\"1608\" data-end=\"1627\"><p data-start=\"1610\" data-end=\"1627\">Implicaci\u00f3n en el proyecto institucional y en los recorridos educativos.<\/p><\/li><\/ul><h3 data-start=\"1226\" data-end=\"1244\">\u00a0<\/h3><h3 data-start=\"1226\" data-end=\"1244\"><strong data-start=\"1230\" data-end=\"1244\">Calendario<\/strong><\/h3><ul><li data-start=\"1245\" data-end=\"1414\">Recepci\u00f3n de candidaturas: hasta el 17 de abril de 2026<\/li><li data-start=\"1245\" data-end=\"1414\">Comisi\u00f3n CCPL: semana del 20 de abril<\/li><li data-start=\"1245\" data-end=\"1414\">Entrevistas: a partir de la semana del 20 de abril<\/li><\/ul><p><strong>\ud83d\udd3a <em data-start=\"1253\" data-end=\"1361\">S\u00f3lo se considerar\u00e1n las candidaturas que incluyan toda la documentaci\u00f3n solicitada en nuestra p\u00e1gina web.<\/em><\/strong><b><em data-start=\"1253\" data-end=\"1361\"><br \/><\/em><br \/>Contrataci\u00f3n immediata.<\/b><\/p><p><img decoding=\"async\" class=\"emoji\" role=\"img\" draggable=\"false\" src=\"https:\/\/s.w.org\/images\/core\/emoji\/15.1.0\/svg\/26a0.svg\" alt=\"\u26a0\ufe0f\" \/> <strong>\u00a0Los candidatos interesados deber\u00e1n presentar su candidatura al Director del Lyc\u00e9e La Condamine, por correo electr\u00f3nico a la Sra. Ana Carolina Zambrano: <a href=\"mailto:administration@condamine.edu.ec\">administration@condamine.edu.ec<\/a> a m\u00e1s tardar el 26 de marzo de 2026.<\/strong><\/p>\t\t\t\t\t\t\t\t<\/div>\n\t\t\t\t<\/div>\n\t\t\t\t<\/div>\n\t\t\t\t\t<\/div>\n\t\t\t\t<\/div>\n\t\t<div class=\"elementor-element elementor-element-e29f96c e-flex e-con-boxed e-con e-parent\" data-id=\"e29f96c\" data-element_type=\"container\" data-e-type=\"container\">\n\t\t\t\t\t<div class=\"e-con-inner\">\n\t\t<div class=\"elementor-element elementor-element-73b798f e-con-full e-flex e-con e-child\" data-id=\"73b798f\" data-element_type=\"container\" data-e-type=\"container\">\n\t\t\t\t<div class=\"elementor-element elementor-element-19b7391 elementor-widget elementor-widget-text-editor\" data-id=\"19b7391\" data-element_type=\"widget\" data-e-type=\"widget\" data-widget_type=\"text-editor.default\">\n\t\t\t\t<div class=\"elementor-widget-container\">\n\t\t\t\t\t\t\t\t\t<p><strong>\u26a0\ufe0f Todos los puestos disponibles son en contrataci\u00f3n local.<\/strong><\/p><h2>\u00a0<\/h2><div class=\"entry-content\"><h1><strong><u>Proceso de aplicaci\u00f3n<\/u><\/strong><strong>:\u00a0<\/strong><\/h1><\/div><div class=\"entry-content\"><div class=\"entry-content\"><p>\u27a1\ufe0f Los documentos que deben entregar para su candidatura al puesto vacante, se detallan a continuaci\u00f3n:<br \/><br \/><\/p><\/div><\/div><div class=\"entry-content\"><p><strong><span class=\"im\">La carpeta de aplicaci\u00f3n deber\u00e1 estar compuesta de los \u200bsiguientes \u200b<\/span>documentos:<br \/><br \/><\/strong><\/p><ul><li>Ficha de candidatura<\/li><li>Hoja de vida o curr\u00edculum<\/li><li>Carta de motivaci\u00f3n dirigida al se\u00f1or director general en franc\u00e9s y en espa\u00f1ol para los puestos que requieren el manejo de esta lengua<\/li><li>C\u00e9dulas de identidad (para nacionales y extranjeros)<\/li><li>Visa de trabajo o visa de residencia<\/li><li>Certificado de registro de t\u00edtulos emitido por la SENESCYT<\/li><li>Copia de los diplomas universitarios<\/li><li>Cartas de recomendaci\u00f3n (opcional)\u00a0<\/li><li>Documentos de evidencien textos publicados por el postulante (en caso de contar con publicaciones acad\u00e9micas)<\/li><li>Documentos de Historia laboral del IESS<\/li><li>Certificado de no tener antecedentes judiciales<br \/><br \/><\/li><\/ul><p><strong>Los candidatos cuya carpeta \u200bsea validada\u00a0ser\u00e1n llamados para una entrevista.<\/strong><\/p><\/div>\t\t\t\t\t\t\t\t<\/div>\n\t\t\t\t<\/div>\n\t\t\t\t<div class=\"elementor-element elementor-element-7959518 elementor-widget elementor-widget-heading\" data-id=\"7959518\" data-element_type=\"widget\" data-e-type=\"widget\" data-widget_type=\"heading.default\">\n\t\t\t\t<div class=\"elementor-widget-container\">\n\t\t\t\t\t<h2 class=\"elementor-heading-title elementor-size-default\">FICHA DE CANDIDATURA A COMPLETAR:<\/h2>\t\t\t\t<\/div>\n\t\t\t\t<\/div>\n\t\t\t\t<\/div>\n\t\t\t\t\t<\/div>\n\t\t\t\t<\/div>\n\t\t<div class=\"elementor-element elementor-element-a10aaec e-flex e-con-boxed e-con e-parent\" data-id=\"a10aaec\" data-element_type=\"container\" data-e-type=\"container\">\n\t\t\t\t\t<div class=\"e-con-inner\">\n\t\t<div class=\"elementor-element elementor-element-8830f07 e-con-full e-flex e-con e-child\" data-id=\"8830f07\" data-element_type=\"container\" data-e-type=\"container\">\n\t\t\t\t<div class=\"elementor-element elementor-element-95f7297 elementor-widget elementor-widget-image\" data-id=\"95f7297\" data-element_type=\"widget\" data-e-type=\"widget\" data-widget_type=\"image.default\">\n\t\t\t\t<div class=\"elementor-widget-container\">\n\t\t\t\t\t\t\t\t\t\t\t\t\t\t\t\t<a href=\"https:\/\/condamine.edu.ec\/wp-content\/uploads\/2025\/05\/FICHA-DE-CANDIDATURA-PROFESOR-2025-2026-1.pdf\" target=\"_blank\">\n\t\t\t\t\t\t\t<img decoding=\"async\" width=\"113\" height=\"152\" src=\"https:\/\/condamine.edu.ec\/wp-content\/uploads\/2023\/12\/pdf-web.png\" class=\"attachment-large size-large wp-image-1022\" alt=\"\" \/>\t\t\t\t\t\t\t\t<\/a>\n\t\t\t\t\t\t\t\t\t\t\t\t\t\t\t<\/div>\n\t\t\t\t<\/div>\n\t\t\t\t<div class=\"elementor-element elementor-element-eeae19e elementor-widget elementor-widget-heading\" data-id=\"eeae19e\" data-element_type=\"widget\" data-e-type=\"widget\" data-widget_type=\"heading.default\">\n\t\t\t\t<div class=\"elementor-widget-container\">\n\t\t\t\t\t<h4 class=\"elementor-heading-title elementor-size-default\"><a href=\"https:\/\/condamine.edu.ec\/wp-content\/uploads\/2025\/05\/FICHA-DE-CANDIDATURA-PROFESOR-2025-2026-1.pdf\" target=\"_blank\">FICHA DE CANDIDATURA PARA EMPLEO LOCAL PROFESOR<\/a><\/h4>\t\t\t\t<\/div>\n\t\t\t\t<\/div>\n\t\t\t\t<\/div>\n\t\t<div class=\"elementor-element elementor-element-c195e17 e-con-full e-flex e-con e-child\" data-id=\"c195e17\" data-element_type=\"container\" data-e-type=\"container\">\n\t\t\t\t<div class=\"elementor-element elementor-element-51b7fef elementor-widget elementor-widget-image\" data-id=\"51b7fef\" data-element_type=\"widget\" data-e-type=\"widget\" data-widget_type=\"image.default\">\n\t\t\t\t<div class=\"elementor-widget-container\">\n\t\t\t\t\t\t\t\t\t\t\t\t\t\t\t\t<a href=\"https:\/\/condamine.edu.ec\/wp-content\/uploads\/2025\/05\/FICHA-DE-CANDIDATURA-NO-PROFESOR-2025-2026-1.pdf\" target=\"_blank\">\n\t\t\t\t\t\t\t<img decoding=\"async\" width=\"113\" height=\"152\" src=\"https:\/\/condamine.edu.ec\/wp-content\/uploads\/2023\/12\/pdf-web.png\" class=\"attachment-large size-large wp-image-1022\" alt=\"\" \/>\t\t\t\t\t\t\t\t<\/a>\n\t\t\t\t\t\t\t\t\t\t\t\t\t\t\t<\/div>\n\t\t\t\t<\/div>\n\t\t\t\t<div class=\"elementor-element elementor-element-def6f69 elementor-widget elementor-widget-heading\" data-id=\"def6f69\" data-element_type=\"widget\" data-e-type=\"widget\" data-widget_type=\"heading.default\">\n\t\t\t\t<div class=\"elementor-widget-container\">\n\t\t\t\t\t<h4 class=\"elementor-heading-title elementor-size-default\"><a href=\"https:\/\/condamine.edu.ec\/wp-content\/uploads\/2025\/05\/FICHA-DE-CANDIDATURA-NO-PROFESOR-2025-2026-1.pdf\" target=\"_blank\">FICHA DE CANDIDATURA PARA EMPLEO LOCAL NO-PROFESOR<\/a><\/h4>\t\t\t\t<\/div>\n\t\t\t\t<\/div>\n\t\t\t\t<\/div>\n\t\t\t\t\t<\/div>\n\t\t\t\t<\/div>\n\t\t<div class=\"elementor-element elementor-element-8a71059 e-flex e-con-boxed e-con e-parent\" data-id=\"8a71059\" data-element_type=\"container\" data-e-type=\"container\">\n\t\t\t\t\t<div class=\"e-con-inner\">\n\t\t\t\t<div class=\"elementor-element elementor-element-5ee178d elementor-widget elementor-widget-spacer\" data-id=\"5ee178d\" data-element_type=\"widget\" data-e-type=\"widget\" data-widget_type=\"spacer.default\">\n\t\t\t\t<div class=\"elementor-widget-container\">\n\t\t\t\t\t\t\t<div class=\"elementor-spacer\">\n\t\t\t<div class=\"elementor-spacer-inner\"><\/div>\n\t\t<\/div>\n\t\t\t\t\t\t<\/div>\n\t\t\t\t<\/div>\n\t\t\t\t\t<\/div>\n\t\t\t\t<\/div>\n\t\t<div class=\"elementor-element elementor-element-dc52c98 e-con-full e-flex e-con e-parent\" data-id=\"dc52c98\" data-element_type=\"container\" data-e-type=\"container\" data-settings=\"{&quot;background_background&quot;:&quot;classic&quot;}\">\n\t\t<div class=\"elementor-element elementor-element-c408ed8 e-con-full e-flex e-con e-child\" data-id=\"c408ed8\" data-element_type=\"container\" data-e-type=\"container\">\n\t\t\t\t<div class=\"elementor-element elementor-element-dc2b118 elementor-widget elementor-widget-heading\" data-id=\"dc2b118\" data-element_type=\"widget\" data-e-type=\"widget\" data-widget_type=\"heading.default\">\n\t\t\t\t<div class=\"elementor-widget-container\">\n\t\t\t\t\t<h2 class=\"elementor-heading-title elementor-size-default\">Application Process \u2013 International Section: \n<\/h2>\t\t\t\t<\/div>\n\t\t\t\t<\/div>\n\t\t\t\t<\/div>\n\t\t\t\t<\/div>\n\t\t<div class=\"elementor-element elementor-element-c6fef7a e-flex e-con-boxed e-con e-parent\" data-id=\"c6fef7a\" data-element_type=\"container\" data-e-type=\"container\">\n\t\t\t\t\t<div class=\"e-con-inner\">\n\t\t<div class=\"elementor-element elementor-element-fd70a17 e-con-full e-flex e-con e-child\" data-id=\"fd70a17\" data-element_type=\"container\" data-e-type=\"container\">\n\t\t\t\t<div class=\"elementor-element elementor-element-f321b39 elementor-widget elementor-widget-text-editor\" data-id=\"f321b39\" data-element_type=\"widget\" data-e-type=\"widget\" data-widget_type=\"text-editor.default\">\n\t\t\t\t<div class=\"elementor-widget-container\">\n\t\t\t\t\t\t\t\t\t<ul><li><strong>No vacancies at the moment &#8211; Local law contract.<\/strong><\/li><li style=\"list-style-type: none;\">\u00a0<\/li><\/ul><p><strong>\u26a0\ufe0f Interested candidates should submit their application to the attention of the Principal of Lyc\u00e9e La Condamine, by e-mail to Ms Ana Carolina Zambrano: <a href=\"mailto:administration@condamine.edu.ec\">administration@condamine.edu.ec<\/a><br \/><\/strong><\/p><p>\u27a1\ufe0f The documents that must be attached to the application form, are detailed below:<\/p>\t\t\t\t\t\t\t\t<\/div>\n\t\t\t\t<\/div>\n\t\t\t\t<\/div>\n\t\t\t\t\t<\/div>\n\t\t\t\t<\/div>\n\t\t<div class=\"elementor-element elementor-element-e47e0f8 e-flex e-con-boxed e-con e-parent\" data-id=\"e47e0f8\" data-element_type=\"container\" data-e-type=\"container\">\n\t\t\t\t\t<div class=\"e-con-inner\">\n\t\t<div class=\"elementor-element elementor-element-b3f45a7 e-con-full e-flex e-con e-child\" data-id=\"b3f45a7\" data-element_type=\"container\" data-e-type=\"container\">\n\t\t\t\t<div class=\"elementor-element elementor-element-cd23173 elementor-widget elementor-widget-image\" data-id=\"cd23173\" data-element_type=\"widget\" data-e-type=\"widget\" data-widget_type=\"image.default\">\n\t\t\t\t<div class=\"elementor-widget-container\">\n\t\t\t\t\t\t\t\t\t\t\t\t\t\t\t\t<a href=\"https:\/\/condamine.edu.ec\/wp-content\/uploads\/2025\/05\/FICHE-CANDIDATURE-ENSEIGNNAT-ENGLISH-2025-2026-2.pdf\" target=\"_blank\">\n\t\t\t\t\t\t\t<img decoding=\"async\" width=\"113\" height=\"152\" src=\"https:\/\/condamine.edu.ec\/wp-content\/uploads\/2023\/12\/pdf-web.png\" class=\"attachment-large size-large wp-image-1022\" alt=\"\" \/>\t\t\t\t\t\t\t\t<\/a>\n\t\t\t\t\t\t\t\t\t\t\t\t\t\t\t<\/div>\n\t\t\t\t<\/div>\n\t\t\t\t<div class=\"elementor-element elementor-element-7371be1 elementor-widget elementor-widget-heading\" data-id=\"7371be1\" data-element_type=\"widget\" data-e-type=\"widget\" data-widget_type=\"heading.default\">\n\t\t\t\t<div class=\"elementor-widget-container\">\n\t\t\t\t\t<h4 class=\"elementor-heading-title elementor-size-default\"><a href=\"https:\/\/condamine.edu.ec\/wp-content\/uploads\/2025\/05\/FICHE-CANDIDATURE-ENSEIGNNAT-ENGLISH-2025-2026-2.pdf\" target=\"_blank\">FICHA DE CANDIDATURA PARA EMPLEO LOCAL PROFESOR SECCI\u00d3N INTERNACIONAL<\/a><\/h4>\t\t\t\t<\/div>\n\t\t\t\t<\/div>\n\t\t\t\t<\/div>\n\t\t<div class=\"elementor-element elementor-element-b10e221 e-con-full e-flex e-con e-child\" data-id=\"b10e221\" data-element_type=\"container\" data-e-type=\"container\">\n\t\t\t\t<div class=\"elementor-element elementor-element-a186a4c elementor-widget elementor-widget-image\" data-id=\"a186a4c\" data-element_type=\"widget\" data-e-type=\"widget\" data-widget_type=\"image.default\">\n\t\t\t\t<div class=\"elementor-widget-container\">\n\t\t\t\t\t\t\t\t\t\t\t\t\t\t\t\t<a href=\"https:\/\/condamine.edu.ec\/wp-content\/uploads\/2024\/10\/FICHE-CANDIDATURE-ENSEIGNANT-ENGLISH-2024-2025.pdf\">\n\t\t\t\t\t\t\t<img decoding=\"async\" width=\"113\" height=\"152\" src=\"https:\/\/condamine.edu.ec\/wp-content\/uploads\/2023\/12\/pdf-web.png\" class=\"attachment-large size-large wp-image-1022\" alt=\"\" \/>\t\t\t\t\t\t\t\t<\/a>\n\t\t\t\t\t\t\t\t\t\t\t\t\t\t\t<\/div>\n\t\t\t\t<\/div>\n\t\t\t\t<div class=\"elementor-element elementor-element-41a17aa elementor-widget elementor-widget-heading\" data-id=\"41a17aa\" data-element_type=\"widget\" data-e-type=\"widget\" data-widget_type=\"heading.default\">\n\t\t\t\t<div class=\"elementor-widget-container\">\n\t\t\t\t\t<h4 class=\"elementor-heading-title elementor-size-default\"><a href=\"https:\/\/condamine.edu.ec\/wp-content\/uploads\/2025\/05\/FICHE-CANDIDATURE-ENSEIGNNAT-ENGLISH-2025-2026-2.pdf\" target=\"_blank\">APPLICATION FORM FOR  TEACHER- INTERNATIONAL SECTION<\/a><\/h4>\t\t\t\t<\/div>\n\t\t\t\t<\/div>\n\t\t\t\t<\/div>\n\t\t\t\t\t<\/div>\n\t\t\t\t<\/div>\n\t\t<div class=\"elementor-element elementor-element-69c0ece e-flex e-con-boxed e-con e-parent\" data-id=\"69c0ece\" data-element_type=\"container\" data-e-type=\"container\">\n\t\t\t\t\t<div class=\"e-con-inner\">\n\t\t<div class=\"elementor-element elementor-element-4798b2d e-con-full e-flex e-con e-child\" data-id=\"4798b2d\" data-element_type=\"container\" data-e-type=\"container\">\n\t\t\t\t<div class=\"elementor-element elementor-element-79c100a elementor-widget elementor-widget-text-editor\" data-id=\"79c100a\" data-element_type=\"widget\" data-e-type=\"widget\" data-widget_type=\"text-editor.default\">\n\t\t\t\t<div class=\"elementor-widget-container\">\n\t\t\t\t\t\t\t\t\t<p><strong>The application folder must be composed of the following documents:<\/strong><\/p><p>\u00a0<\/p><ul><li>The attached form completed<\/li><li>CV<\/li><li>Letter of motivation addressed to the Principal in English and in Spanish or French.<\/li><li>Identity cards (for nationals and foreigners)<\/li><li>Passport copy \u2013 Work visa or residence visa<\/li><li>Copy of university diplomas<\/li><li>Certificate of registration of diplomas issued by SENESCYT<\/li><li>Letter(s) of recommendation<\/li><li>Documents of evidence published by the applicant (in case of academic publications)<\/li><li><span lang=\"en\">Criminal background check (state and federal)<\/span><\/li><\/ul>\t\t\t\t\t\t\t\t<\/div>\n\t\t\t\t<\/div>\n\t\t\t\t<\/div>\n\t\t\t\t\t<\/div>\n\t\t\t\t<\/div>\n\t\t\t\t<\/div>\n\t\t","protected":false},"excerpt":{"rendered":"<p>Ofertas de empleo &#8211; Contrataci\u00f3n local \u00danase al equipo din\u00e1mico y multicultural del colegio Franco-Ecuatoriano La Condamine \u2013 Establecimiento de excelencia en Ecuador, homologado por la AEFE desde Inicial hasta 3ero de Bachillerato + Secci\u00f3n Internacional Estadounidense (Primaria \u2013 6\u00ba) \u2013 Contratamos profesores y profesoras de primaria y de secundaria\u00a0 en contrato local. Titulares de [&hellip;]<\/p>\n","protected":false},"author":2,"featured_media":0,"parent":0,"menu_order":0,"comment_status":"closed","ping_status":"closed","template":"","meta":{"footnotes":""},"class_list":["post-23993","page","type-page","status-publish","hentry"],"_links":{"self":[{"href":"https:\/\/condamine.edu.ec\/index.php?rest_route=\/wp\/v2\/pages\/23993","targetHints":{"allow":["GET"]}}],"collection":[{"href":"https:\/\/condamine.edu.ec\/index.php?rest_route=\/wp\/v2\/pages"}],"about":[{"href":"https:\/\/condamine.edu.ec\/index.php?rest_route=\/wp\/v2\/types\/page"}],"author":[{"embeddable":true,"href":"https:\/\/condamine.edu.ec\/index.php?rest_route=\/wp\/v2\/users\/2"}],"replies":[{"embeddable":true,"href":"https:\/\/condamine.edu.ec\/index.php?rest_route=%2Fwp%2Fv2%2Fcomments&post=23993"}],"version-history":[{"count":118,"href":"https:\/\/condamine.edu.ec\/index.php?rest_route=\/wp\/v2\/pages\/23993\/revisions"}],"predecessor-version":[{"id":50408,"href":"https:\/\/condamine.edu.ec\/index.php?rest_route=\/wp\/v2\/pages\/23993\/revisions\/50408"}],"wp:attachment":[{"href":"https:\/\/condamine.edu.ec\/index.php?rest_route=%2Fwp%2Fv2%2Fmedia&parent=23993"}],"curies":[{"name":"wp","href":"https:\/\/api.w.org\/{rel}","templated":true}]}}