{"id":22385,"date":"2024-10-29T11:14:23","date_gmt":"2024-10-29T16:14:23","guid":{"rendered":"https:\/\/condamine.edu.ec\/?page_id=22385"},"modified":"2025-05-16T16:40:09","modified_gmt":"2025-05-16T21:40:09","slug":"lycee-2nde-1ere-terminale","status":"publish","type":"page","link":"https:\/\/condamine.edu.ec\/?page_id=22385","title":{"rendered":"LYC\u00c9E (2NDE, 1\u00c8RE, TERMINALE)"},"content":{"rendered":"\t\t<div data-elementor-type=\"wp-page\" data-elementor-id=\"22385\" class=\"elementor elementor-22385\" data-elementor-post-type=\"page\">\n\t\t\t\t<div class=\"elementor-element elementor-element-6e5d2da e-flex e-con-boxed e-con e-parent\" data-id=\"6e5d2da\" data-element_type=\"container\" data-e-type=\"container\">\n\t\t\t\t\t<div class=\"e-con-inner\">\n\t\t\t\t<div class=\"elementor-element elementor-element-97f1126 elementor-widget elementor-widget-spacer\" data-id=\"97f1126\" data-element_type=\"widget\" data-e-type=\"widget\" data-widget_type=\"spacer.default\">\n\t\t\t\t<div class=\"elementor-widget-container\">\n\t\t\t\t\t\t\t<div class=\"elementor-spacer\">\n\t\t\t<div class=\"elementor-spacer-inner\"><\/div>\n\t\t<\/div>\n\t\t\t\t\t\t<\/div>\n\t\t\t\t<\/div>\n\t\t\t\t\t<\/div>\n\t\t\t\t<\/div>\n\t\t<div class=\"elementor-element elementor-element-1b409c2 e-con-full e-flex e-con e-parent\" data-id=\"1b409c2\" data-element_type=\"container\" data-e-type=\"container\">\n\t\t\t\t<div class=\"elementor-element elementor-element-b4280a7 elementor-widget elementor-widget-heading\" data-id=\"b4280a7\" data-element_type=\"widget\" data-e-type=\"widget\" data-widget_type=\"heading.default\">\n\t\t\t\t<div class=\"elementor-widget-container\">\n\t\t\t\t\t<h2 class=\"elementor-heading-title elementor-size-default\">LYC\u00c9E (2NDE, 1\u00c8RE, TERMINALE)<\/h2>\t\t\t\t<\/div>\n\t\t\t\t<\/div>\n\t\t\t\t<\/div>\n\t\t<div class=\"elementor-element elementor-element-58bcb36 e-flex e-con-boxed e-con e-parent\" data-id=\"58bcb36\" data-element_type=\"container\" data-e-type=\"container\">\n\t\t\t\t\t<div class=\"e-con-inner\">\n\t\t<div class=\"elementor-element elementor-element-ec6051d e-con-full e-flex e-con e-child\" data-id=\"ec6051d\" data-element_type=\"container\" data-e-type=\"container\">\n\t\t\t\t<div class=\"elementor-element elementor-element-5947b5d elementor-widget elementor-widget-text-editor\" data-id=\"5947b5d\" data-element_type=\"widget\" data-e-type=\"widget\" data-widget_type=\"text-editor.default\">\n\t\t\t\t<div class=\"elementor-widget-container\">\n\t\t\t\t\t\t\t\t\t<h4 class=\"wp-block-heading\">Pr\u00e9parer les \u00e9l\u00e8ves pour la r\u00e9ussite scolaire, les \u00e9tudes sup\u00e9rieures et la vie apr\u00e8s les \u00e9tudes<\/h4>\t\t\t\t\t\t\t\t<\/div>\n\t\t\t\t<\/div>\n\t\t\t\t<\/div>\n\t\t\t\t\t<\/div>\n\t\t\t\t<\/div>\n\t\t<div class=\"elementor-element elementor-element-aeeffb8 e-con-full e-flex e-con e-parent\" data-id=\"aeeffb8\" data-element_type=\"container\" data-e-type=\"container\">\n\t\t<div class=\"elementor-element elementor-element-4424925 e-con-full e-flex e-con e-child\" data-id=\"4424925\" data-element_type=\"container\" data-e-type=\"container\">\n\t\t\t\t<div class=\"elementor-element elementor-element-3bd8c50 elementor-widget elementor-widget-image\" data-id=\"3bd8c50\" data-element_type=\"widget\" data-e-type=\"widget\" data-widget_type=\"image.default\">\n\t\t\t\t<div class=\"elementor-widget-container\">\n\t\t\t\t\t\t\t\t\t\t\t\t\t\t\t<img fetchpriority=\"high\" decoding=\"async\" width=\"800\" height=\"534\" src=\"https:\/\/condamine.edu.ec\/wp-content\/uploads\/2024\/10\/lycee-1024x683.jpg\" class=\"attachment-large size-large wp-image-22421\" alt=\"\" srcset=\"https:\/\/condamine.edu.ec\/wp-content\/uploads\/2024\/10\/lycee-1024x683.jpg 1024w, https:\/\/condamine.edu.ec\/wp-content\/uploads\/2024\/10\/lycee-300x200.jpg 300w, https:\/\/condamine.edu.ec\/wp-content\/uploads\/2024\/10\/lycee-768x512.jpg 768w, https:\/\/condamine.edu.ec\/wp-content\/uploads\/2024\/10\/lycee-370x247.jpg 370w, https:\/\/condamine.edu.ec\/wp-content\/uploads\/2024\/10\/lycee-690x460.jpg 690w, https:\/\/condamine.edu.ec\/wp-content\/uploads\/2024\/10\/lycee-1536x1024.jpg 1536w, https:\/\/condamine.edu.ec\/wp-content\/uploads\/2024\/10\/lycee-2048x1365.jpg 2048w\" sizes=\"(max-width: 800px) 100vw, 800px\" \/>\t\t\t\t\t\t\t\t\t\t\t\t\t\t\t<\/div>\n\t\t\t\t<\/div>\n\t\t\t\t<\/div>\n\t\t<div class=\"elementor-element elementor-element-951983e e-con-full e-flex e-con e-child\" data-id=\"951983e\" data-element_type=\"container\" data-e-type=\"container\">\n\t\t\t\t<div class=\"elementor-element elementor-element-b69f0a0 elementor-widget elementor-widget-text-editor\" data-id=\"b69f0a0\" data-element_type=\"widget\" data-e-type=\"widget\" data-widget_type=\"text-editor.default\">\n\t\t\t\t<div class=\"elementor-widget-container\">\n\t\t\t\t\t\t\t\t\t<p>Le Lyc\u00e9e La Condamine pr\u00e9pare, en trois ans, ses \u00e9l\u00e8ves au baccalaur\u00e9at fran\u00e7ais, cl\u00e9 d\u2019acc\u00e8s aux \u00e9tudes sup\u00e9rieures, dipl\u00f4me reconnu pour une poursuite d\u2019\u00e9tudes universitaires en \u00c9quateur, en France et dans le monde entier. Les trois ann\u00e9es sont organis\u00e9es de la mani\u00e8re suivante :<br \/><br \/><\/p><ul><li>Niveau 2nde (5e secondaire) : ann\u00e9e de d\u00e9termination<\/li><li>Niveaux 1\u00e8re et Terminale (coll\u00e9gial I et II) : cycle terminal qui conduit de mani\u00e8re continue et graduelle \u00e0 l\u2019obtention du baccalaur\u00e9at<\/li><\/ul><p><br \/>Au m\u00eame temps, les \u00e9l\u00e8ves\u00a0 pr\u00e9parent le baccalaur\u00e9at \u00e9quatorien.<\/p><p><br \/>Le Lyc\u00e9e La Condamine a pour but de pr\u00e9parer tous les \u00e9l\u00e8ves \u00e0 concr\u00e9tiser leurs ambitions scolaires individuelles dans les fili\u00e8res qui les int\u00e9ressent.<\/p><p>\u00c0 l\u2019issue de la classe de 2de , les \u00e9l\u00e8ves s\u2019engagent dans un parcours de deux ans, classe de 1\u00e8re et classe de Terminale, comprenant :<br \/><br \/><\/p><ul><li>Un socle de culture commune \u2013 fran\u00e7ais (en 1\u00e8re uniquement), deux langues vivantes, un enseignement scientifique, philosophie (en terminale uniquement), EPS (\u00c9ducation physique et \u00e0 la sant\u00e9) \u2013 afin de doter chaque \u00e9tudiant d\u2019une solide culture g\u00e9n\u00e9rale.<\/li><li><p>Une combinaison de trois sp\u00e9cialit\u00e9s en 1\u00e8re au sein de plusieurs sp\u00e9cialit\u00e9s (dont deux se poursuivent en Terminale), pour permettre aux \u00e9l\u00e8ves d&rsquo;approfondir progressivement leurs connaissances dans des mati\u00e8res li\u00e9es \u00e0 leur projet d&rsquo;\u00e9tudes universitaires. Le choix de la combinaison de chaque \u00e9l\u00e8ve est soumis \u00e0 plusieurs param\u00e8tres : les pr\u00e9f\u00e9rences des \u00e9l\u00e8ves, les recommandations de l&rsquo;\u00e9quipe p\u00e9dagogique et l&rsquo;offre r\u00e9elle de combinaisons disponibles.<\/p><\/li><li>Un accompagnement personnalis\u00e9 afin de permettre \u00e0 l\u2019\u00e9tudiant de se donner les moyens de faire ses choix de poursuite d\u2019\u00e9tudes au cours du cycle et pour le monde universitaire et de d\u00e9velopper sa comp\u00e9tence \u00e0 faire des choix r\u00e9fl\u00e9chis et \u00e9clair\u00e9s quant \u00e0 son futur.<\/li><\/ul>\t\t\t\t\t\t\t\t<\/div>\n\t\t\t\t<\/div>\n\t\t\t\t<\/div>\n\t\t\t\t<\/div>\n\t\t<div class=\"elementor-element elementor-element-4b858ca e-flex e-con-boxed e-con e-parent\" data-id=\"4b858ca\" data-element_type=\"container\" data-e-type=\"container\">\n\t\t\t\t\t<div class=\"e-con-inner\">\n\t\t<div class=\"elementor-element elementor-element-6379cd6 e-con-full e-flex e-con e-child\" data-id=\"6379cd6\" data-element_type=\"container\" data-e-type=\"container\">\n\t\t\t\t<div class=\"elementor-element elementor-element-e3f4be8 elementor-widget elementor-widget-text-editor\" data-id=\"e3f4be8\" data-element_type=\"widget\" data-e-type=\"widget\" data-widget_type=\"text-editor.default\">\n\t\t\t\t<div class=\"elementor-widget-container\">\n\t\t\t\t\t\t\t\t\t<h3 class=\"is-style-blue wp-block-heading\">BAC et BFI<\/h3><p>Le Lyc\u00e9e La Condamine propose, \u00e0 partir de l&rsquo;ann\u00e9e scolaire 2024-2025 le Baccalaur\u00e9at fran\u00e7ais (Bac) et le Baccalaur\u00e9at fran\u00e7ais international am\u00e9ricain (BFI).<br \/><br \/><\/p><p>Nous sommes fiers de notre taux de r\u00e9ussite au Bac. C\u2019est la concr\u00e9tisation du travail acharn\u00e9 de nos \u00e9l\u00e8ves ainsi que du d\u00e9vouement, de la passion et de l\u2019exp\u00e9rience de nos enseignants.<\/p>\t\t\t\t\t\t\t\t<\/div>\n\t\t\t\t<\/div>\n\t\t\t\t<\/div>\n\t\t\t\t\t<\/div>\n\t\t\t\t<\/div>\n\t\t<div class=\"elementor-element elementor-element-11c3bb2 e-con-full e-flex e-con e-parent\" data-id=\"11c3bb2\" data-element_type=\"container\" data-e-type=\"container\" data-settings=\"{&quot;background_background&quot;:&quot;classic&quot;}\">\n\t\t<div class=\"elementor-element elementor-element-d941e6d e-con-full e-flex e-con e-child\" data-id=\"d941e6d\" data-element_type=\"container\" data-e-type=\"container\">\n\t\t\t\t<div class=\"elementor-element elementor-element-53345d3 elementor-widget elementor-widget-heading\" data-id=\"53345d3\" data-element_type=\"widget\" data-e-type=\"widget\" data-widget_type=\"heading.default\">\n\t\t\t\t<div class=\"elementor-widget-container\">\n\t\t\t\t\t<h2 class=\"elementor-heading-title elementor-size-default\">Le baccalaur\u00e9at et la certification<\/h2>\t\t\t\t<\/div>\n\t\t\t\t<\/div>\n\t\t\t\t<\/div>\n\t\t\t\t<\/div>\n\t\t<div class=\"elementor-element elementor-element-aa39b8b e-flex e-con-boxed e-con e-parent\" data-id=\"aa39b8b\" data-element_type=\"container\" data-e-type=\"container\">\n\t\t\t\t\t<div class=\"e-con-inner\">\n\t\t<div class=\"elementor-element elementor-element-9497340 e-grid e-con-full e-con e-child\" data-id=\"9497340\" data-element_type=\"container\" data-e-type=\"container\">\n\t\t\t\t<div class=\"elementor-element elementor-element-133e2d4 elementor-widget elementor-widget-text-editor\" data-id=\"133e2d4\" data-element_type=\"widget\" data-e-type=\"widget\" data-widget_type=\"text-editor.default\">\n\t\t\t\t<div class=\"elementor-widget-container\">\n\t\t\t\t\t\t\t\t\t<p>Ce cycle se cl\u00f4t par l\u2019obtention du baccalaur\u00e9at fran\u00e7ais, cl\u00e9 d\u2019acc\u00e8s \u00e0 l\u2019enseignement sup\u00e9rieur en France et partout sur la plan\u00e8te.<br \/><br \/><\/p><p><strong>Ce dipl\u00f4me s\u2019obtient :<br \/><br \/><\/strong><\/p><ul><li>Via une part d\u2019\u00e9valuation en contr\u00f4le continu tout au long du cycle terminal (pour 40% des notes)<\/li><li>Via des \u00e9preuves ponctuelles (pour 60% des notes):<ul><li>en fran\u00e7ais (\u00e9crit et oral),<\/li><li>en philosophie<\/li><li>deux sp\u00e9cialit\u00e9s poursuivies jusqu\u2019en terminal (\u00e9crit, oral, pratique)<\/li><li>\u00e9crits et oraux sp\u00e9cifiques pour les \u00e9l\u00e8ves inscrits au BFI am\u00e9ricain.<\/li><\/ul><\/li><\/ul>\t\t\t\t\t\t\t\t<\/div>\n\t\t\t\t<\/div>\n\t\t\t\t<div class=\"elementor-element elementor-element-8341e5b elementor-widget elementor-widget-image\" data-id=\"8341e5b\" data-element_type=\"widget\" data-e-type=\"widget\" data-widget_type=\"image.default\">\n\t\t\t\t<div class=\"elementor-widget-container\">\n\t\t\t\t\t\t\t\t\t\t\t\t\t\t\t<img decoding=\"async\" width=\"675\" height=\"506\" src=\"https:\/\/condamine.edu.ec\/wp-content\/uploads\/2024\/10\/IMG_6251.jpg\" class=\"attachment-large size-large wp-image-22397\" alt=\"\" srcset=\"https:\/\/condamine.edu.ec\/wp-content\/uploads\/2024\/10\/IMG_6251.jpg 675w, https:\/\/condamine.edu.ec\/wp-content\/uploads\/2024\/10\/IMG_6251-300x225.jpg 300w, https:\/\/condamine.edu.ec\/wp-content\/uploads\/2024\/10\/IMG_6251-370x277.jpg 370w, https:\/\/condamine.edu.ec\/wp-content\/uploads\/2024\/10\/IMG_6251-614x460.jpg 614w\" sizes=\"(max-width: 675px) 100vw, 675px\" \/>\t\t\t\t\t\t\t\t\t\t\t\t\t\t\t<\/div>\n\t\t\t\t<\/div>\n\t\t\t\t<\/div>\n\t\t\t\t\t<\/div>\n\t\t\t\t<\/div>\n\t\t<div class=\"elementor-element elementor-element-9c41575 e-flex e-con-boxed e-con e-parent\" data-id=\"9c41575\" data-element_type=\"container\" data-e-type=\"container\">\n\t\t\t\t\t<div class=\"e-con-inner\">\n\t\t\t\t<div class=\"elementor-element elementor-element-0d2158c elementor-widget elementor-widget-gallery\" data-id=\"0d2158c\" data-element_type=\"widget\" data-e-type=\"widget\" data-settings=\"{&quot;lazyload&quot;:&quot;yes&quot;,&quot;gallery_layout&quot;:&quot;grid&quot;,&quot;columns&quot;:4,&quot;columns_tablet&quot;:2,&quot;columns_mobile&quot;:1,&quot;gap&quot;:{&quot;unit&quot;:&quot;px&quot;,&quot;size&quot;:10,&quot;sizes&quot;:[]},&quot;gap_tablet&quot;:{&quot;unit&quot;:&quot;px&quot;,&quot;size&quot;:10,&quot;sizes&quot;:[]},&quot;gap_mobile&quot;:{&quot;unit&quot;:&quot;px&quot;,&quot;size&quot;:10,&quot;sizes&quot;:[]},&quot;link_to&quot;:&quot;file&quot;,&quot;aspect_ratio&quot;:&quot;3:2&quot;,&quot;overlay_background&quot;:&quot;yes&quot;,&quot;content_hover_animation&quot;:&quot;fade-in&quot;}\" data-widget_type=\"gallery.default\">\n\t\t\t\t<div class=\"elementor-widget-container\">\n\t\t\t\t\t\t\t<div class=\"elementor-gallery__container\">\n\t\t\t\t\t\t\t<a class=\"e-gallery-item elementor-gallery-item elementor-animated-content\" href=\"https:\/\/condamine.edu.ec\/wp-content\/uploads\/2024\/10\/IMG_1482-scaled.jpg\" data-elementor-open-lightbox=\"yes\" data-elementor-lightbox-slideshow=\"0d2158c\" data-elementor-lightbox-title=\"IMG_1482\" data-e-action-hash=\"#elementor-action%3Aaction%3Dlightbox%26settings%3DeyJpZCI6MjI0MTIsInVybCI6Imh0dHBzOlwvXC9jb25kYW1pbmUuZWR1LmVjXC93cC1jb250ZW50XC91cGxvYWRzXC8yMDI0XC8xMFwvSU1HXzE0ODItc2NhbGVkLmpwZyIsInNsaWRlc2hvdyI6IjBkMjE1OGMifQ%3D%3D\">\n\t\t\t\t\t<div class=\"e-gallery-image elementor-gallery-item__image\" data-thumbnail=\"https:\/\/condamine.edu.ec\/wp-content\/uploads\/2024\/10\/IMG_1482-300x225.jpg\" data-width=\"300\" data-height=\"225\" aria-label=\"\" role=\"img\" ><\/div>\n\t\t\t\t\t\t\t\t\t\t\t<div class=\"elementor-gallery-item__overlay\"><\/div>\n\t\t\t\t\t\t\t\t\t\t\t\t\t\t<\/a>\n\t\t\t\t\t\t\t<a class=\"e-gallery-item elementor-gallery-item elementor-animated-content\" href=\"https:\/\/condamine.edu.ec\/wp-content\/uploads\/2024\/10\/DSC_0319.jpg\" data-elementor-open-lightbox=\"yes\" data-elementor-lightbox-slideshow=\"0d2158c\" data-elementor-lightbox-title=\"DSC_0319\" data-e-action-hash=\"#elementor-action%3Aaction%3Dlightbox%26settings%3DeyJpZCI6MjI0MDksInVybCI6Imh0dHBzOlwvXC9jb25kYW1pbmUuZWR1LmVjXC93cC1jb250ZW50XC91cGxvYWRzXC8yMDI0XC8xMFwvRFNDXzAzMTkuanBnIiwic2xpZGVzaG93IjoiMGQyMTU4YyJ9\">\n\t\t\t\t\t<div class=\"e-gallery-image elementor-gallery-item__image\" data-thumbnail=\"https:\/\/condamine.edu.ec\/wp-content\/uploads\/2024\/10\/DSC_0319-300x199.jpg\" data-width=\"300\" data-height=\"199\" aria-label=\"\" role=\"img\" ><\/div>\n\t\t\t\t\t\t\t\t\t\t\t<div class=\"elementor-gallery-item__overlay\"><\/div>\n\t\t\t\t\t\t\t\t\t\t\t\t\t\t<\/a>\n\t\t\t\t\t\t\t<a class=\"e-gallery-item elementor-gallery-item elementor-animated-content\" href=\"https:\/\/condamine.edu.ec\/wp-content\/uploads\/2024\/10\/IMG_E1751.jpg\" data-elementor-open-lightbox=\"yes\" data-elementor-lightbox-slideshow=\"0d2158c\" data-elementor-lightbox-title=\"IMG_E1751\" data-e-action-hash=\"#elementor-action%3Aaction%3Dlightbox%26settings%3DeyJpZCI6MjIzOTQsInVybCI6Imh0dHBzOlwvXC9jb25kYW1pbmUuZWR1LmVjXC93cC1jb250ZW50XC91cGxvYWRzXC8yMDI0XC8xMFwvSU1HX0UxNzUxLmpwZyIsInNsaWRlc2hvdyI6IjBkMjE1OGMifQ%3D%3D\">\n\t\t\t\t\t<div class=\"e-gallery-image elementor-gallery-item__image\" data-thumbnail=\"https:\/\/condamine.edu.ec\/wp-content\/uploads\/2024\/10\/IMG_E1751-300x199.jpg\" data-width=\"300\" data-height=\"199\" aria-label=\"\" role=\"img\" ><\/div>\n\t\t\t\t\t\t\t\t\t\t\t<div class=\"elementor-gallery-item__overlay\"><\/div>\n\t\t\t\t\t\t\t\t\t\t\t\t\t\t<\/a>\n\t\t\t\t\t\t\t<a class=\"e-gallery-item elementor-gallery-item elementor-animated-content\" href=\"https:\/\/condamine.edu.ec\/wp-content\/uploads\/2024\/10\/DSC_0308.jpg\" data-elementor-open-lightbox=\"yes\" data-elementor-lightbox-slideshow=\"0d2158c\" data-elementor-lightbox-title=\"DSC_0308\" data-e-action-hash=\"#elementor-action%3Aaction%3Dlightbox%26settings%3DeyJpZCI6MjI0MDYsInVybCI6Imh0dHBzOlwvXC9jb25kYW1pbmUuZWR1LmVjXC93cC1jb250ZW50XC91cGxvYWRzXC8yMDI0XC8xMFwvRFNDXzAzMDguanBnIiwic2xpZGVzaG93IjoiMGQyMTU4YyJ9\">\n\t\t\t\t\t<div class=\"e-gallery-image elementor-gallery-item__image\" data-thumbnail=\"https:\/\/condamine.edu.ec\/wp-content\/uploads\/2024\/10\/DSC_0308-300x199.jpg\" data-width=\"300\" data-height=\"199\" aria-label=\"\" role=\"img\" ><\/div>\n\t\t\t\t\t\t\t\t\t\t\t<div class=\"elementor-gallery-item__overlay\"><\/div>\n\t\t\t\t\t\t\t\t\t\t\t\t\t\t<\/a>\n\t\t\t\t\t\t\t<a class=\"e-gallery-item elementor-gallery-item elementor-animated-content\" href=\"https:\/\/condamine.edu.ec\/wp-content\/uploads\/2024\/10\/DSC_0448.jpg\" data-elementor-open-lightbox=\"yes\" data-elementor-lightbox-slideshow=\"0d2158c\" data-elementor-lightbox-title=\"DSC_0448\" data-e-action-hash=\"#elementor-action%3Aaction%3Dlightbox%26settings%3DeyJpZCI6MjIzODgsInVybCI6Imh0dHBzOlwvXC9jb25kYW1pbmUuZWR1LmVjXC93cC1jb250ZW50XC91cGxvYWRzXC8yMDI0XC8xMFwvRFNDXzA0NDguanBnIiwic2xpZGVzaG93IjoiMGQyMTU4YyJ9\">\n\t\t\t\t\t<div class=\"e-gallery-image elementor-gallery-item__image\" data-thumbnail=\"https:\/\/condamine.edu.ec\/wp-content\/uploads\/2024\/10\/DSC_0448-300x199.jpg\" data-width=\"300\" data-height=\"199\" aria-label=\"\" role=\"img\" ><\/div>\n\t\t\t\t\t\t\t\t\t\t\t<div class=\"elementor-gallery-item__overlay\"><\/div>\n\t\t\t\t\t\t\t\t\t\t\t\t\t\t<\/a>\n\t\t\t\t\t\t\t<a class=\"e-gallery-item elementor-gallery-item elementor-animated-content\" href=\"https:\/\/condamine.edu.ec\/wp-content\/uploads\/2024\/10\/DSC_0318.jpg\" data-elementor-open-lightbox=\"yes\" data-elementor-lightbox-slideshow=\"0d2158c\" data-elementor-lightbox-title=\"DSC_0318\" data-e-action-hash=\"#elementor-action%3Aaction%3Dlightbox%26settings%3DeyJpZCI6MjI0MDMsInVybCI6Imh0dHBzOlwvXC9jb25kYW1pbmUuZWR1LmVjXC93cC1jb250ZW50XC91cGxvYWRzXC8yMDI0XC8xMFwvRFNDXzAzMTguanBnIiwic2xpZGVzaG93IjoiMGQyMTU4YyJ9\">\n\t\t\t\t\t<div class=\"e-gallery-image elementor-gallery-item__image\" data-thumbnail=\"https:\/\/condamine.edu.ec\/wp-content\/uploads\/2024\/10\/DSC_0318-300x199.jpg\" data-width=\"300\" data-height=\"199\" aria-label=\"\" role=\"img\" ><\/div>\n\t\t\t\t\t\t\t\t\t\t\t<div class=\"elementor-gallery-item__overlay\"><\/div>\n\t\t\t\t\t\t\t\t\t\t\t\t\t\t<\/a>\n\t\t\t\t\t\t\t<a class=\"e-gallery-item elementor-gallery-item elementor-animated-content\" href=\"https:\/\/condamine.edu.ec\/wp-content\/uploads\/2024\/10\/IMG_6336-scaled.jpg\" data-elementor-open-lightbox=\"yes\" data-elementor-lightbox-slideshow=\"0d2158c\" data-elementor-lightbox-title=\"IMG_6336\" data-e-action-hash=\"#elementor-action%3Aaction%3Dlightbox%26settings%3DeyJpZCI6MjIzOTEsInVybCI6Imh0dHBzOlwvXC9jb25kYW1pbmUuZWR1LmVjXC93cC1jb250ZW50XC91cGxvYWRzXC8yMDI0XC8xMFwvSU1HXzYzMzYtc2NhbGVkLmpwZyIsInNsaWRlc2hvdyI6IjBkMjE1OGMifQ%3D%3D\">\n\t\t\t\t\t<div class=\"e-gallery-image elementor-gallery-item__image\" data-thumbnail=\"https:\/\/condamine.edu.ec\/wp-content\/uploads\/2024\/10\/IMG_6336-300x225.jpg\" data-width=\"300\" data-height=\"225\" aria-label=\"\" role=\"img\" ><\/div>\n\t\t\t\t\t\t\t\t\t\t\t<div class=\"elementor-gallery-item__overlay\"><\/div>\n\t\t\t\t\t\t\t\t\t\t\t\t\t\t<\/a>\n\t\t\t\t\t<\/div>\n\t\t\t\t\t<\/div>\n\t\t\t\t<\/div>\n\t\t\t\t\t<\/div>\n\t\t\t\t<\/div>\n\t\t\t\t<\/div>\n\t\t","protected":false},"excerpt":{"rendered":"<p>LYC\u00c9E (2NDE, 1\u00c8RE, TERMINALE) Pr\u00e9parer les \u00e9l\u00e8ves pour la r\u00e9ussite scolaire, les \u00e9tudes sup\u00e9rieures et la vie apr\u00e8s les \u00e9tudes Le Lyc\u00e9e La Condamine pr\u00e9pare, en trois ans, ses \u00e9l\u00e8ves au baccalaur\u00e9at fran\u00e7ais, cl\u00e9 d\u2019acc\u00e8s aux \u00e9tudes sup\u00e9rieures, dipl\u00f4me reconnu pour une poursuite d\u2019\u00e9tudes universitaires en \u00c9quateur, en France et dans le monde entier. Les [&hellip;]<\/p>\n","protected":false},"author":2,"featured_media":0,"parent":0,"menu_order":0,"comment_status":"closed","ping_status":"closed","template":"","meta":{"footnotes":""},"class_list":["post-22385","page","type-page","status-publish","hentry"],"_links":{"self":[{"href":"https:\/\/condamine.edu.ec\/index.php?rest_route=\/wp\/v2\/pages\/22385","targetHints":{"allow":["GET"]}}],"collection":[{"href":"https:\/\/condamine.edu.ec\/index.php?rest_route=\/wp\/v2\/pages"}],"about":[{"href":"https:\/\/condamine.edu.ec\/index.php?rest_route=\/wp\/v2\/types\/page"}],"author":[{"embeddable":true,"href":"https:\/\/condamine.edu.ec\/index.php?rest_route=\/wp\/v2\/users\/2"}],"replies":[{"embeddable":true,"href":"https:\/\/condamine.edu.ec\/index.php?rest_route=%2Fwp%2Fv2%2Fcomments&post=22385"}],"version-history":[{"count":16,"href":"https:\/\/condamine.edu.ec\/index.php?rest_route=\/wp\/v2\/pages\/22385\/revisions"}],"predecessor-version":[{"id":33524,"href":"https:\/\/condamine.edu.ec\/index.php?rest_route=\/wp\/v2\/pages\/22385\/revisions\/33524"}],"wp:attachment":[{"href":"https:\/\/condamine.edu.ec\/index.php?rest_route=%2Fwp%2Fv2%2Fmedia&parent=22385"}],"curies":[{"name":"wp","href":"https:\/\/api.w.org\/{rel}","templated":true}]}}