{"id":21591,"date":"2024-10-23T10:06:14","date_gmt":"2024-10-23T15:06:14","guid":{"rendered":"https:\/\/condamine.edu.ec\/?page_id=21591"},"modified":"2024-10-23T18:53:49","modified_gmt":"2024-10-23T23:53:49","slug":"le-reseau-mondial-de-laefe","status":"publish","type":"page","link":"https:\/\/condamine.edu.ec\/?page_id=21591","title":{"rendered":"Le r\u00e9seau mondial de l&rsquo;AEFE"},"content":{"rendered":"\t\t<div data-elementor-type=\"wp-page\" data-elementor-id=\"21591\" class=\"elementor elementor-21591\" data-elementor-post-type=\"page\">\n\t\t\t\t<div class=\"elementor-element elementor-element-6e5d2da e-flex e-con-boxed e-con e-parent\" data-id=\"6e5d2da\" data-element_type=\"container\" data-e-type=\"container\">\n\t\t\t\t\t<div class=\"e-con-inner\">\n\t\t\t\t<div class=\"elementor-element elementor-element-97f1126 elementor-widget elementor-widget-spacer\" data-id=\"97f1126\" data-element_type=\"widget\" data-e-type=\"widget\" data-widget_type=\"spacer.default\">\n\t\t\t\t<div class=\"elementor-widget-container\">\n\t\t\t\t\t\t\t<div class=\"elementor-spacer\">\n\t\t\t<div class=\"elementor-spacer-inner\"><\/div>\n\t\t<\/div>\n\t\t\t\t\t\t<\/div>\n\t\t\t\t<\/div>\n\t\t\t\t\t<\/div>\n\t\t\t\t<\/div>\n\t\t<div class=\"elementor-element elementor-element-1b409c2 e-con-full e-flex e-con e-parent\" data-id=\"1b409c2\" data-element_type=\"container\" data-e-type=\"container\">\n\t\t\t\t<div class=\"elementor-element elementor-element-b4280a7 elementor-widget elementor-widget-heading\" data-id=\"b4280a7\" data-element_type=\"widget\" data-e-type=\"widget\" data-widget_type=\"heading.default\">\n\t\t\t\t<div class=\"elementor-widget-container\">\n\t\t\t\t\t<h2 class=\"elementor-heading-title elementor-size-default\">Le r\u00e9seau mondial de l'AEFE<\/h2>\t\t\t\t<\/div>\n\t\t\t\t<\/div>\n\t\t\t\t<\/div>\n\t\t<div class=\"elementor-element elementor-element-3f00144 e-con-full e-flex e-con e-parent\" data-id=\"3f00144\" data-element_type=\"container\" data-e-type=\"container\">\n\t\t<div class=\"elementor-element elementor-element-6ad05ec e-con-full e-flex e-con e-child\" data-id=\"6ad05ec\" data-element_type=\"container\" data-e-type=\"container\">\n\t\t\t\t<div class=\"elementor-element elementor-element-bc2d040 elementor-widget elementor-widget-image\" data-id=\"bc2d040\" data-element_type=\"widget\" data-e-type=\"widget\" data-settings=\"{&quot;motion_fx_motion_fx_scrolling&quot;:&quot;yes&quot;,&quot;motion_fx_translateY_effect&quot;:&quot;yes&quot;,&quot;motion_fx_translateY_speed&quot;:{&quot;unit&quot;:&quot;px&quot;,&quot;size&quot;:4,&quot;sizes&quot;:[]},&quot;motion_fx_translateY_affectedRange&quot;:{&quot;unit&quot;:&quot;%&quot;,&quot;size&quot;:&quot;&quot;,&quot;sizes&quot;:{&quot;start&quot;:0,&quot;end&quot;:100}},&quot;motion_fx_devices&quot;:[&quot;desktop&quot;,&quot;tablet&quot;,&quot;mobile&quot;]}\" data-widget_type=\"image.default\">\n\t\t\t\t<div class=\"elementor-widget-container\">\n\t\t\t\t\t\t\t\t\t\t\t\t\t\t\t<img decoding=\"async\" src=\"https:\/\/condamine.edu.ec\/wp-content\/uploads\/elementor\/thumbs\/LOGO-AEFE-WEB-qvzjnnoo4az4zkt3g3bwxxiz30m3esp8abcgue3l40.png\" title=\"LOGO-AEFE-WEB\" alt=\"LOGO-AEFE-WEB\" loading=\"lazy\" \/>\t\t\t\t\t\t\t\t\t\t\t\t\t\t\t<\/div>\n\t\t\t\t<\/div>\n\t\t\t\t<\/div>\n\t\t<div class=\"elementor-element elementor-element-43eeee2 e-con-full e-flex e-con e-child\" data-id=\"43eeee2\" data-element_type=\"container\" data-e-type=\"container\">\n\t\t\t\t<div class=\"elementor-element elementor-element-b68ce92 elementor-widget elementor-widget-text-editor\" data-id=\"b68ce92\" data-element_type=\"widget\" data-e-type=\"widget\" data-widget_type=\"text-editor.default\">\n\t\t\t\t<div class=\"elementor-widget-container\">\n\t\t\t\t\t\t\t\t\t<p>L&rsquo;Agence pour l\u2019Enseignement du Fran\u00e7ais \u00e0 l\u2019\u00c9tranger (AEFE) est r\u00e9seau scolaire unique au monde. Il rassemble, en 2024, 600 \u00e9tablissements scolaires auxquels le minist\u00e8re de l&rsquo;\u00c9ducation nationale a d\u00e9livr\u00e9 son homologation et qui peuvent relever de trois statuts : \u00e9tablissements g\u00e9r\u00e9s directement par l\u2019AEFE (EGD) et \u00e9tablissements conventionn\u00e9s, dans lesquels l\u2019AEFE affecte des personnels, et \u00e9tablissements partenaires.<br \/><br \/><\/p><p>Le r\u00e9seau d&rsquo;enseignement fran\u00e7ais \u00e0 l&rsquo;\u00e9tranger, coordonn\u00e9 par l\u2019AEFE, est unique au monde par son \u00e9tendue, sa coh\u00e9rence et sa coh\u00e9sion mais aussi par sa diversit\u00e9, gr\u00e2ce \u00e0 l\u2019ancrage local des \u00e9tablissements, dans 139 pays. <br \/><br \/><\/p><p>L&rsquo;AEFE coordonne un r\u00e9seau dynamique d\u2019\u00e9tablissements internationaux homologu\u00e9s, proposant un enseignement de qualit\u00e9, facteur de r\u00e9ussite et porteur de valeurs humanistes qui accueillent 392 000 \u00e9l\u00e8ves de la Maternelle \u00e0 la Terminale.<\/p>\t\t\t\t\t\t\t\t<\/div>\n\t\t\t\t<\/div>\n\t\t\t\t<\/div>\n\t\t\t\t<\/div>\n\t\t<div class=\"elementor-element elementor-element-d512df5 e-con-full e-flex e-con e-parent\" data-id=\"d512df5\" data-element_type=\"container\" data-e-type=\"container\">\n\t\t<div class=\"elementor-element elementor-element-eaec10f e-con-full e-flex e-con e-child\" data-id=\"eaec10f\" data-element_type=\"container\" data-e-type=\"container\">\n\t\t\t\t<div class=\"elementor-element elementor-element-3a23ea0 elementor-widget elementor-widget-text-editor\" data-id=\"3a23ea0\" data-element_type=\"widget\" data-e-type=\"widget\" data-widget_type=\"text-editor.default\">\n\t\t\t\t<div class=\"elementor-widget-container\">\n\t\t\t\t\t\t\t\t\t<p>L\u2019AEFE s\u2019associe \u00e0 des partenaires importants pour faire participer ce r\u00e9seau \u00e0 des initiatives innovantes et \u00e0 des \u00e9v\u00e9nements au niveau mondial, tels que l\u2019<a href=\"https:\/\/aefe.gouv.fr\/fr\/reseau-scolaire-mondial\/des-projets-et-dispositifs-en-partage\/dossier-orchestre-et-choeur-des-lycees-francais-du-monde\"><strong>Orchestre des Lyc\u00e9es Fran\u00e7ais du Monde<\/strong><\/a>, les <a href=\"https:\/\/aefe.gouv.fr\/fr\/reseau-scolaire-mondial\/des-projets-et-dispositifs-en-partage\/dossier-jeux-internationaux-de-la-jeunesse-jij#:~:text=Les%20Jeux%20internationaux%20de%20la,une%20exp%C3%A9rience%20unique%20au%20monde.\"><strong>Jeux Internationaux de la Jeunesse<\/strong><\/a> (JIJ), entre autres.<br \/><br \/><\/p><p>Les \u00e9tablissements \u00e9ducatifs tels que le <strong>Lyc\u00e9e franco-\u00e9quatorien La Condamine<\/strong>, sont donc sous la tutelle du Minist\u00e8re de l\u2019Europe et des Affaires \u00c9trang\u00e8res (MEAE) et en collaboration avec leurs partenaires institutionnels, notamment le Minist\u00e8re de l\u2019\u00c9ducation Nationale et de la Jeunesse (MEN) qui d\u00e9livre l\u2019agr\u00e9ment des \u00e9tablissements d\u2019enseignement fran\u00e7ais \u00e0 l\u2019\u00e9tranger, l\u2019AEFE.<br \/><br \/><\/p><p>L\u2019enseignement dispens\u00e9 dans les lyc\u00e9es et instituts fran\u00e7ais \u00e0 l\u2019\u00e9tranger est novateur, ouvert \u00e0 la culture et \u00e0 la langue des pays o\u00f9 ils se trouvent et garantit, d\u00e8s l\u2019\u00e9cole maternelle, un apprentissage renforc\u00e9 des langues \u00e9trang\u00e8res. Elle pr\u00e9pare les \u00e9l\u00e8ves \u00e0 leur avenir en tant que citoyens et membres actifs de soci\u00e9t\u00e9s ouvertes, polyglottes et pluriculturelles.<\/p>\t\t\t\t\t\t\t\t<\/div>\n\t\t\t\t<\/div>\n\t\t\t\t<\/div>\n\t\t<div class=\"elementor-element elementor-element-279b205 e-con-full e-flex e-con e-child\" data-id=\"279b205\" data-element_type=\"container\" data-e-type=\"container\">\n\t\t\t\t<div class=\"elementor-element elementor-element-b042994 elementor-widget elementor-widget-video\" data-id=\"b042994\" data-element_type=\"widget\" data-e-type=\"widget\" data-settings=\"{&quot;youtube_url&quot;:&quot;https:\\\/\\\/www.youtube.com\\\/watch?v=NZkcl-YdHFk&quot;,&quot;video_type&quot;:&quot;youtube&quot;,&quot;controls&quot;:&quot;yes&quot;}\" data-widget_type=\"video.default\">\n\t\t\t\t<div class=\"elementor-widget-container\">\n\t\t\t\t\t\t\t<div class=\"elementor-wrapper elementor-open-inline\">\n\t\t\t<div class=\"elementor-video\"><\/div>\t\t<\/div>\n\t\t\t\t\t\t<\/div>\n\t\t\t\t<\/div>\n\t\t\t\t<\/div>\n\t\t\t\t<\/div>\n\t\t<div class=\"elementor-element elementor-element-baa84dd e-con-full e-flex e-con e-parent\" data-id=\"baa84dd\" data-element_type=\"container\" data-e-type=\"container\">\n\t\t<div class=\"elementor-element elementor-element-f42860d e-con-full e-flex e-con e-child\" data-id=\"f42860d\" data-element_type=\"container\" data-e-type=\"container\">\n\t\t\t\t<div class=\"elementor-element elementor-element-17f3050 elementor-cta--layout-image-above elementor-cta--valign-middle elementor-cta--skin-classic elementor-animated-content elementor-bg-transform elementor-bg-transform-zoom-in elementor-widget elementor-widget-call-to-action\" data-id=\"17f3050\" data-element_type=\"widget\" data-e-type=\"widget\" data-widget_type=\"call-to-action.default\">\n\t\t\t\t<div class=\"elementor-widget-container\">\n\t\t\t\t\t\t\t<div class=\"elementor-cta\">\n\t\t\t\t\t<div class=\"elementor-cta__bg-wrapper\">\n\t\t\t\t<div class=\"elementor-cta__bg elementor-bg\" style=\"background-image: url(https:\/\/condamine.edu.ec\/wp-content\/uploads\/2024\/10\/carte-reseau-efe-annee-scolaire-2024-2025-1024x569.jpg);\" role=\"img\" aria-label=\"carte-reseau-efe-annee-scolaire-2024-2025\"><\/div>\n\t\t\t\t<div class=\"elementor-cta__bg-overlay\"><\/div>\n\t\t\t<\/div>\n\t\t\t\t\t\t\t<div class=\"elementor-cta__content\">\n\t\t\t\t\n\t\t\t\t\t\t\t\t\t<h2 class=\"elementor-cta__title elementor-cta__content-item elementor-content-item\">\n\t\t\t\t\t\tUn r\u00e9seau unique au monde\t\t\t\t\t<\/h2>\n\t\t\t\t\n\t\t\t\t\t\t\t\t\t<div class=\"elementor-cta__description elementor-cta__content-item elementor-content-item\">\n\t\t\t\t\t\tCarte interactif des 600 \u00e9tablissements scolaires, dans 139 pays, du r\u00e9seau d'enseignement fran\u00e7ais \u00e0 l'\u00e9tranger.\t\t\t\t\t<\/div>\n\t\t\t\t\n\t\t\t\t\t\t\t\t\t<div class=\"elementor-cta__button-wrapper elementor-cta__content-item elementor-content-item \">\n\t\t\t\t\t<a class=\"elementor-cta__button elementor-button elementor-size-\" href=\"https:\/\/aefe.gouv.fr\/fr\/carte-des-etablissements\">\n\t\t\t\t\t\tCliquer ici\t\t\t\t\t<\/a>\n\t\t\t\t\t<\/div>\n\t\t\t\t\t\t\t<\/div>\n\t\t\t\t\t\t<\/div>\n\t\t\t\t\t\t<\/div>\n\t\t\t\t<\/div>\n\t\t\t\t<\/div>\n\t\t\t\t<\/div>\n\t\t<div class=\"elementor-element elementor-element-71a5a84 e-flex e-con-boxed e-con e-parent\" data-id=\"71a5a84\" data-element_type=\"container\" data-e-type=\"container\">\n\t\t\t\t\t<div class=\"e-con-inner\">\n\t\t<div class=\"elementor-element elementor-element-b8485a4 e-con-full e-flex e-con e-child\" data-id=\"b8485a4\" data-element_type=\"container\" data-e-type=\"container\">\n\t\t\t\t<div class=\"elementor-element elementor-element-c0d4489 elementor-widget elementor-widget-counter\" data-id=\"c0d4489\" data-element_type=\"widget\" data-e-type=\"widget\" data-widget_type=\"counter.default\">\n\t\t\t\t<div class=\"elementor-widget-container\">\n\t\t\t\t\t\t\t<div class=\"elementor-counter\">\n\t\t\t<div class=\"elementor-counter-title\">\u00c9TABLISSEMENTS HOMOLOGU\u00c9S<\/div>\t\t\t<div class=\"elementor-counter-number-wrapper\">\n\t\t\t\t<span class=\"elementor-counter-number-prefix\"><\/span>\n\t\t\t\t<span class=\"elementor-counter-number\" data-duration=\"2000\" data-to-value=\"580\" data-from-value=\"0\" data-delimiter=\",\">0<\/span>\n\t\t\t\t<span class=\"elementor-counter-number-suffix\"><\/span>\n\t\t\t<\/div>\n\t\t<\/div>\n\t\t\t\t\t\t<\/div>\n\t\t\t\t<\/div>\n\t\t\t\t<\/div>\n\t\t<div class=\"elementor-element elementor-element-ff467e6 e-con-full e-flex e-con e-child\" data-id=\"ff467e6\" data-element_type=\"container\" data-e-type=\"container\">\n\t\t\t\t<div class=\"elementor-element elementor-element-6d05504 elementor-widget elementor-widget-counter\" data-id=\"6d05504\" data-element_type=\"widget\" data-e-type=\"widget\" data-widget_type=\"counter.default\">\n\t\t\t\t<div class=\"elementor-widget-container\">\n\t\t\t\t\t\t\t<div class=\"elementor-counter\">\n\t\t\t<div class=\"elementor-counter-title\">\u00c9L\u00c8VES DONT 30 % DE FRAN\u00c7AIS<\/div>\t\t\t<div class=\"elementor-counter-number-wrapper\">\n\t\t\t\t<span class=\"elementor-counter-number-prefix\"><\/span>\n\t\t\t\t<span class=\"elementor-counter-number\" data-duration=\"2000\" data-to-value=\"392000\" data-from-value=\"0\" data-delimiter=\",\">0<\/span>\n\t\t\t\t<span class=\"elementor-counter-number-suffix\"><\/span>\n\t\t\t<\/div>\n\t\t<\/div>\n\t\t\t\t\t\t<\/div>\n\t\t\t\t<\/div>\n\t\t\t\t<\/div>\n\t\t<div class=\"elementor-element elementor-element-39717cf e-con-full e-flex e-con e-child\" data-id=\"39717cf\" data-element_type=\"container\" data-e-type=\"container\">\n\t\t\t\t<div class=\"elementor-element elementor-element-0afed6e elementor-widget elementor-widget-counter\" data-id=\"0afed6e\" data-element_type=\"widget\" data-e-type=\"widget\" data-widget_type=\"counter.default\">\n\t\t\t\t<div class=\"elementor-widget-container\">\n\t\t\t\t\t\t\t<div class=\"elementor-counter\">\n\t\t\t<div class=\"elementor-counter-title\">PAYS<\/div>\t\t\t<div class=\"elementor-counter-number-wrapper\">\n\t\t\t\t<span class=\"elementor-counter-number-prefix\"><\/span>\n\t\t\t\t<span class=\"elementor-counter-number\" data-duration=\"2000\" data-to-value=\"139\" data-from-value=\"0\" data-delimiter=\",\">0<\/span>\n\t\t\t\t<span class=\"elementor-counter-number-suffix\"><\/span>\n\t\t\t<\/div>\n\t\t<\/div>\n\t\t\t\t\t\t<\/div>\n\t\t\t\t<\/div>\n\t\t\t\t<\/div>\n\t\t\t\t\t<\/div>\n\t\t\t\t<\/div>\n\t\t<div class=\"elementor-element elementor-element-a443599 e-con-full e-flex e-con e-parent\" data-id=\"a443599\" data-element_type=\"container\" data-e-type=\"container\">\n\t\t<div class=\"elementor-element elementor-element-b83e92a e-con-full e-flex e-con e-child\" data-id=\"b83e92a\" data-element_type=\"container\" data-e-type=\"container\">\n\t\t\t\t<div class=\"elementor-element elementor-element-f43e912 elementor-widget elementor-widget-heading\" data-id=\"f43e912\" data-element_type=\"widget\" data-e-type=\"widget\" data-widget_type=\"heading.default\">\n\t\t\t\t<div class=\"elementor-widget-container\">\n\t\t\t\t\t<h2 class=\"elementor-heading-title elementor-size-default\">Les missions de l'AEFE<\/h2>\t\t\t\t<\/div>\n\t\t\t\t<\/div>\n\t\t\t\t<div class=\"elementor-element elementor-element-929cc91 elementor-widget elementor-widget-text-editor\" data-id=\"929cc91\" data-element_type=\"widget\" data-e-type=\"widget\" data-widget_type=\"text-editor.default\">\n\t\t\t\t<div class=\"elementor-widget-container\">\n\t\t\t\t\t\t\t\t\t<p>L&rsquo;AEFE a \u00e9t\u00e9 cr\u00e9\u00e9e pour\u00a0<strong>structurer le r\u00e9seau des \u00e9tablissements d&rsquo;enseignement fran\u00e7ais \u00e0 l&rsquo;\u00e9tranger<\/strong>, c&rsquo;est-\u00e0-dire des \u00e9tablissements scolaires auxquels le minist\u00e8re de l&rsquo;\u00c9ducation nationale a d\u00e9livr\u00e9 une\u00a0<a title=\"L'homologation et le suivi d'homologation\" href=\"https:\/\/aefe.gouv.fr\/fr\/reseau-scolaire-mondial\/un-reseau-unique-au-monde\/lhomologation-et-le-suivi-dhomologation\" data-entity-type=\"node\" data-entity-uuid=\"3bdc5120-a657-4478-83c0-5e467c7714af\" data-entity-substitution=\"canonical\">homologation<\/a>. Ce r\u00f4le de coordination d&rsquo;un r\u00e9seau scolaire mondial, unique en son genre, rel\u00e8ve d\u2019embl\u00e9e d\u2019une double mission fondamentale confi\u00e9e \u00e0 l\u2019AEFE\u00a0:<br \/><br \/><\/p><ul><li>une mission de\u00a0<strong>service public\u00a0<\/strong>d&rsquo;\u00e9ducation au b\u00e9n\u00e9fice des enfants fran\u00e7ais \u00e9tablis hors de France,<\/li><li>une contribution, gr\u00e2ce \u00e0 l&rsquo;accueil d&rsquo;\u00e9l\u00e8ves d&rsquo;autres nationalit\u00e9s dans les \u00e9tablissements, \u00e0 la\u00a0<strong>diplomatie d&rsquo;influence<\/strong>, au rayonnement de la langue et de la cultures fran\u00e7aises, \u00e0 l&rsquo;attractivit\u00e9 de la France et \u00e0 la diffusion de ses valeurs humanistes et d\u00e9mocratiques.<br \/><br \/><\/li><\/ul><p>En 1990, le r\u00e9seau comptait 165\u00a0000\u00a0\u00e9l\u00e8ves. Depuis, il n\u2019a cess\u00e9 de se d\u00e9velopper et de se renforcer \u00a0: on comptait\u00a0<strong>392\u00a0000 \u00e9l\u00e8ves dans le r\u00e9seau en 2023-2024<\/strong>.<\/p><p><br \/>Faire grandir le r\u00e9seau de l\u2019enseignement fran\u00e7ais \u00e0 l\u2019\u00e9tranger est devenu l&rsquo;axe strat\u00e9gique guidant les travaux de l\u2019AEFE depuis l&rsquo;annonce du\u00a0<a title=\"Relever les d\u00e9fis du Cap 2030\" href=\"https:\/\/aefe.gouv.fr\/fr\/reseau-scolaire-mondial\/un-reseau-en-developpement\/relever-les-defis-du-cap-2030\" data-entity-type=\"node\" data-entity-uuid=\"b146a18d-84bd-46c3-81c4-d1bc2e172eba\" data-entity-substitution=\"canonical\">Cap 2030<\/a>.<\/p>\t\t\t\t\t\t\t\t<\/div>\n\t\t\t\t<\/div>\n\t\t\t\t<div class=\"elementor-element elementor-element-20d0a76 elementor-align-center elementor-widget elementor-widget-button\" data-id=\"20d0a76\" data-element_type=\"widget\" data-e-type=\"widget\" data-widget_type=\"button.default\">\n\t\t\t\t<div class=\"elementor-widget-container\">\n\t\t\t\t\t\t\t\t\t<div class=\"elementor-button-wrapper\">\n\t\t\t\t\t<a class=\"elementor-button elementor-button-link elementor-size-sm\" href=\"https:\/\/aefe.gouv.fr\/fr\">\n\t\t\t\t\t\t<span class=\"elementor-button-content-wrapper\">\n\t\t\t\t\t\t\t\t\t<span class=\"elementor-button-text\">SAVOIR PLUS DU R\u00c9SEAU AEFE<\/span>\n\t\t\t\t\t<\/span>\n\t\t\t\t\t<\/a>\n\t\t\t\t<\/div>\n\t\t\t\t\t\t\t\t<\/div>\n\t\t\t\t<\/div>\n\t\t\t\t<\/div>\n\t\t\t\t<\/div>\n\t\t\t\t<\/div>\n\t\t","protected":false},"excerpt":{"rendered":"<p>Le r\u00e9seau mondial de l&rsquo;AEFE L&rsquo;Agence pour l\u2019Enseignement du Fran\u00e7ais \u00e0 l\u2019\u00c9tranger (AEFE) est r\u00e9seau scolaire unique au monde. Il rassemble, en 2024, 600 \u00e9tablissements scolaires auxquels le minist\u00e8re de l&rsquo;\u00c9ducation nationale a d\u00e9livr\u00e9 son homologation et qui peuvent relever de trois statuts : \u00e9tablissements g\u00e9r\u00e9s directement par l\u2019AEFE (EGD) et \u00e9tablissements conventionn\u00e9s, dans lesquels [&hellip;]<\/p>\n","protected":false},"author":2,"featured_media":0,"parent":0,"menu_order":0,"comment_status":"closed","ping_status":"closed","template":"","meta":{"footnotes":""},"class_list":["post-21591","page","type-page","status-publish","hentry"],"_links":{"self":[{"href":"https:\/\/condamine.edu.ec\/index.php?rest_route=\/wp\/v2\/pages\/21591","targetHints":{"allow":["GET"]}}],"collection":[{"href":"https:\/\/condamine.edu.ec\/index.php?rest_route=\/wp\/v2\/pages"}],"about":[{"href":"https:\/\/condamine.edu.ec\/index.php?rest_route=\/wp\/v2\/types\/page"}],"author":[{"embeddable":true,"href":"https:\/\/condamine.edu.ec\/index.php?rest_route=\/wp\/v2\/users\/2"}],"replies":[{"embeddable":true,"href":"https:\/\/condamine.edu.ec\/index.php?rest_route=%2Fwp%2Fv2%2Fcomments&post=21591"}],"version-history":[{"count":28,"href":"https:\/\/condamine.edu.ec\/index.php?rest_route=\/wp\/v2\/pages\/21591\/revisions"}],"predecessor-version":[{"id":21707,"href":"https:\/\/condamine.edu.ec\/index.php?rest_route=\/wp\/v2\/pages\/21591\/revisions\/21707"}],"wp:attachment":[{"href":"https:\/\/condamine.edu.ec\/index.php?rest_route=%2Fwp%2Fv2%2Fmedia&parent=21591"}],"curies":[{"name":"wp","href":"https:\/\/api.w.org\/{rel}","templated":true}]}}