{"id":10700,"date":"2024-01-12T15:06:28","date_gmt":"2024-01-12T20:06:28","guid":{"rendered":"https:\/\/condamine.edu.ec\/?page_id=10700"},"modified":"2025-04-07T07:58:54","modified_gmt":"2025-04-07T12:58:54","slug":"notre-histoire","status":"publish","type":"page","link":"https:\/\/condamine.edu.ec\/?page_id=10700&lang=es","title":{"rendered":"Nuestra historia"},"content":{"rendered":"\t\t<div data-elementor-type=\"wp-page\" data-elementor-id=\"10700\" class=\"elementor elementor-10700 elementor-10666\" data-elementor-post-type=\"page\">\n\t\t\t\t<div class=\"elementor-element elementor-element-6e5d2da e-flex e-con-boxed e-con e-parent\" data-id=\"6e5d2da\" data-element_type=\"container\" data-e-type=\"container\">\n\t\t\t\t\t<div class=\"e-con-inner\">\n\t\t\t\t<div class=\"elementor-element elementor-element-97f1126 elementor-widget elementor-widget-spacer\" data-id=\"97f1126\" data-element_type=\"widget\" data-e-type=\"widget\" data-widget_type=\"spacer.default\">\n\t\t\t\t<div class=\"elementor-widget-container\">\n\t\t\t\t\t\t\t<div class=\"elementor-spacer\">\n\t\t\t<div class=\"elementor-spacer-inner\"><\/div>\n\t\t<\/div>\n\t\t\t\t\t\t<\/div>\n\t\t\t\t<\/div>\n\t\t\t\t\t<\/div>\n\t\t\t\t<\/div>\n\t\t<div class=\"elementor-element elementor-element-1b409c2 e-con-full e-flex e-con e-parent\" data-id=\"1b409c2\" data-element_type=\"container\" data-e-type=\"container\">\n\t\t\t\t<div class=\"elementor-element elementor-element-b4280a7 elementor-widget elementor-widget-heading\" data-id=\"b4280a7\" data-element_type=\"widget\" data-e-type=\"widget\" data-widget_type=\"heading.default\">\n\t\t\t\t<div class=\"elementor-widget-container\">\n\t\t\t\t\t<h2 class=\"elementor-heading-title elementor-size-default\">\u00bfQui\u00e9n era La Condamine?\n<\/h2>\t\t\t\t<\/div>\n\t\t\t\t<\/div>\n\t\t\t\t<\/div>\n\t\t<div class=\"elementor-element elementor-element-15b84b0 e-con-full e-flex e-con e-parent\" data-id=\"15b84b0\" data-element_type=\"container\" data-e-type=\"container\">\n\t\t<div class=\"elementor-element elementor-element-2b9abff e-con-full e-flex e-con e-child\" data-id=\"2b9abff\" data-element_type=\"container\" data-e-type=\"container\">\n\t\t\t\t<div class=\"elementor-element elementor-element-0f0cc44 elementor-widget elementor-widget-image\" data-id=\"0f0cc44\" data-element_type=\"widget\" data-e-type=\"widget\" data-widget_type=\"image.default\">\n\t\t\t\t<div class=\"elementor-widget-container\">\n\t\t\t\t\t\t\t\t\t\t\t\t\t\t\t<img fetchpriority=\"high\" decoding=\"async\" width=\"312\" height=\"312\" src=\"https:\/\/condamine.edu.ec\/wp-content\/uploads\/2024\/01\/Charles_Marie_de_La_Condamine_1701-1774.jpg\" class=\"attachment-large size-large wp-image-10672\" alt=\"\" srcset=\"https:\/\/condamine.edu.ec\/wp-content\/uploads\/2024\/01\/Charles_Marie_de_La_Condamine_1701-1774.jpg 312w, https:\/\/condamine.edu.ec\/wp-content\/uploads\/2024\/01\/Charles_Marie_de_La_Condamine_1701-1774-300x300.jpg 300w, https:\/\/condamine.edu.ec\/wp-content\/uploads\/2024\/01\/Charles_Marie_de_La_Condamine_1701-1774-150x150.jpg 150w\" sizes=\"(max-width: 312px) 100vw, 312px\" \/>\t\t\t\t\t\t\t\t\t\t\t\t\t\t\t<\/div>\n\t\t\t\t<\/div>\n\t\t\t\t<\/div>\n\t\t<div class=\"elementor-element elementor-element-7f4e0e8 e-con-full e-flex e-con e-child\" data-id=\"7f4e0e8\" data-element_type=\"container\" data-e-type=\"container\">\n\t\t\t\t<div class=\"elementor-element elementor-element-b68ce92 elementor-widget elementor-widget-text-editor\" data-id=\"b68ce92\" data-element_type=\"widget\" data-e-type=\"widget\" data-widget_type=\"text-editor.default\">\n\t\t\t\t<div class=\"elementor-widget-container\">\n\t\t\t\t\t\t\t\t\t<p>Charles Marie de La Condamine era un explorador y cient\u00edfico franc\u00e9s, un astr\u00f3nomo y un enciclopedista del siglo XVIII.<\/p><p><br \/>Es famoso por haber llevado a cabo, de 1735 a 1743, una expedici\u00f3n geod\u00e9sica en Ecuador con el fin de comprobar la figura de la Tierra\u00a0y la hip\u00f3tesis de Isaac Newton, seg\u00fan la cual el globo terrestre no es una esfera perfecta, sino es hinchado cerca del\u00a0<em>ecuator<\/em>\u00a0y aplastado en los polos (en forma de \u201cmandarina\u201d).<\/p><p>\u00a0<\/p><p>Los resultados de esta expedici\u00f3n confirmaron la teor\u00eda de Newton. Por otro lado, es el primer cient\u00edfico que ha bajado a la Amazonia, lo que permiti\u00f3 en particular de constituir un mapa del R\u00edo Amazonas, y descubrir el \u00e1rbol de caucho entre otros descubrimientos cient\u00edficos.<\/p>\t\t\t\t\t\t\t\t<\/div>\n\t\t\t\t<\/div>\n\t\t\t\t<\/div>\n\t\t\t\t<\/div>\n\t\t<div class=\"elementor-element elementor-element-723359c e-flex e-con-boxed e-con e-parent\" data-id=\"723359c\" data-element_type=\"container\" data-e-type=\"container\">\n\t\t\t\t\t<div class=\"e-con-inner\">\n\t\t\t\t<div class=\"elementor-element elementor-element-c036679 elementor-widget elementor-widget-spacer\" data-id=\"c036679\" data-element_type=\"widget\" data-e-type=\"widget\" data-widget_type=\"spacer.default\">\n\t\t\t\t<div class=\"elementor-widget-container\">\n\t\t\t\t\t\t\t<div class=\"elementor-spacer\">\n\t\t\t<div class=\"elementor-spacer-inner\"><\/div>\n\t\t<\/div>\n\t\t\t\t\t\t<\/div>\n\t\t\t\t<\/div>\n\t\t\t\t\t<\/div>\n\t\t\t\t<\/div>\n\t\t<div class=\"elementor-element elementor-element-672f136 e-flex e-con-boxed e-con e-parent\" data-id=\"672f136\" data-element_type=\"container\" data-e-type=\"container\">\n\t\t\t\t\t<div class=\"e-con-inner\">\n\t\t\t\t<div class=\"elementor-element elementor-element-4d06387 elementor-widget elementor-widget-heading\" data-id=\"4d06387\" data-element_type=\"widget\" data-e-type=\"widget\" data-widget_type=\"heading.default\">\n\t\t\t\t<div class=\"elementor-widget-container\">\n\t\t\t\t\t<h2 class=\"elementor-heading-title elementor-size-default\">Presentaci\u00f3n del Colegio<\/h2>\t\t\t\t<\/div>\n\t\t\t\t<\/div>\n\t\t\t\t\t<\/div>\n\t\t\t\t<\/div>\n\t\t<div class=\"elementor-element elementor-element-5f3da60 e-con-full e-flex e-con e-parent\" data-id=\"5f3da60\" data-element_type=\"container\" data-e-type=\"container\">\n\t\t<div class=\"elementor-element elementor-element-fb1d713 e-con-full e-flex e-con e-child\" data-id=\"fb1d713\" data-element_type=\"container\" data-e-type=\"container\">\n\t\t\t\t<div class=\"elementor-element elementor-element-99e3027 elementor-widget elementor-widget-image\" data-id=\"99e3027\" data-element_type=\"widget\" data-e-type=\"widget\" data-widget_type=\"image.default\">\n\t\t\t\t<div class=\"elementor-widget-container\">\n\t\t\t\t\t\t\t\t\t\t\t\t\t\t\t<img decoding=\"async\" width=\"800\" height=\"420\" src=\"https:\/\/condamine.edu.ec\/wp-content\/uploads\/2024\/01\/formato-noticia-amenagements-1.jpg\" class=\"attachment-large size-large wp-image-8859\" alt=\"\" srcset=\"https:\/\/condamine.edu.ec\/wp-content\/uploads\/2024\/01\/formato-noticia-amenagements-1.jpg 800w, https:\/\/condamine.edu.ec\/wp-content\/uploads\/2024\/01\/formato-noticia-amenagements-1-300x158.jpg 300w, https:\/\/condamine.edu.ec\/wp-content\/uploads\/2024\/01\/formato-noticia-amenagements-1-768x403.jpg 768w, https:\/\/condamine.edu.ec\/wp-content\/uploads\/2024\/01\/formato-noticia-amenagements-1-370x194.jpg 370w, https:\/\/condamine.edu.ec\/wp-content\/uploads\/2024\/01\/formato-noticia-amenagements-1-770x404.jpg 770w\" sizes=\"(max-width: 800px) 100vw, 800px\" \/>\t\t\t\t\t\t\t\t\t\t\t\t\t\t\t<\/div>\n\t\t\t\t<\/div>\n\t\t\t\t<\/div>\n\t\t<div class=\"elementor-element elementor-element-b64053a e-con-full e-flex e-con e-child\" data-id=\"b64053a\" data-element_type=\"container\" data-e-type=\"container\">\n\t\t\t\t<div class=\"elementor-element elementor-element-b335113 elementor-widget elementor-widget-text-editor\" data-id=\"b335113\" data-element_type=\"widget\" data-e-type=\"widget\" data-widget_type=\"text-editor.default\">\n\t\t\t\t<div class=\"elementor-widget-container\">\n\t\t\t\t\t\t\t\t\t<p>Creado en 1967, el colegio franco-ecuatoriano La Condamine de Quito, consta de una escuela, un colegio y un liceo, y es un establecimiento escolar binacional que sigue los programas franc\u00e9s y ecuatoriano conduciendo a ambos bachilleratos.<\/p><p>El establecimiento acoge hoy a 1375 alumnos: 211 en Maternal, 488 en Primaria y 676 en Secundaria. El colegio La Condamine escolariza a sus alumnos desde los 2 a\u00f1os en Pre-Preescolar (<em>Toute Petite Section<\/em>) hasta el tercer a\u00f1o de bachillerato (<em>Terminale<\/em>).<\/p><p>\u00a0<\/p><p>El Colegio forma parte de la red AEFE o\u00a0<strong><a href=\"https:\/\/www.aefe.fr\/\">Agencia para la Ense\u00f1anza Francesa en el Extranjero<\/a><\/strong>, que certifica una conformidad de nuestra ense\u00f1anza con las exigencias, los programas y los objetivos pedag\u00f3gicos de excelencia del sistema educativo franc\u00e9s.<\/p>\t\t\t\t\t\t\t\t<\/div>\n\t\t\t\t<\/div>\n\t\t\t\t<\/div>\n\t\t\t\t<\/div>\n\t\t<div class=\"elementor-element elementor-element-54a858f e-flex e-con-boxed e-con e-parent\" data-id=\"54a858f\" data-element_type=\"container\" data-e-type=\"container\">\n\t\t\t\t\t<div class=\"e-con-inner\">\n\t\t\t\t<div class=\"elementor-element elementor-element-62e82df elementor-widget elementor-widget-spacer\" data-id=\"62e82df\" data-element_type=\"widget\" data-e-type=\"widget\" data-widget_type=\"spacer.default\">\n\t\t\t\t<div class=\"elementor-widget-container\">\n\t\t\t\t\t\t\t<div class=\"elementor-spacer\">\n\t\t\t<div class=\"elementor-spacer-inner\"><\/div>\n\t\t<\/div>\n\t\t\t\t\t\t<\/div>\n\t\t\t\t<\/div>\n\t\t\t\t\t<\/div>\n\t\t\t\t<\/div>\n\t\t<div class=\"elementor-element elementor-element-11ce03f e-flex e-con-boxed e-con e-parent\" data-id=\"11ce03f\" data-element_type=\"container\" data-e-type=\"container\">\n\t\t\t\t\t<div class=\"e-con-inner\">\n\t\t\t\t<div class=\"elementor-element elementor-element-c34851c elementor-widget elementor-widget-heading\" data-id=\"c34851c\" data-element_type=\"widget\" data-e-type=\"widget\" data-widget_type=\"heading.default\">\n\t\t\t\t<div class=\"elementor-widget-container\">\n\t\t\t\t\t<h2 class=\"elementor-heading-title elementor-size-default\">\u00bfQu\u00e9 es la AEFE?<\/h2>\t\t\t\t<\/div>\n\t\t\t\t<\/div>\n\t\t\t\t\t<\/div>\n\t\t\t\t<\/div>\n\t\t<div class=\"elementor-element elementor-element-7be67b6 e-con-full e-flex e-con e-parent\" data-id=\"7be67b6\" data-element_type=\"container\" data-e-type=\"container\">\n\t\t<div class=\"elementor-element elementor-element-9198388 e-con-full e-flex e-con e-child\" data-id=\"9198388\" data-element_type=\"container\" data-e-type=\"container\">\n\t\t\t\t<div class=\"elementor-element elementor-element-b0cfe0c elementor-widget elementor-widget-text-editor\" data-id=\"b0cfe0c\" data-element_type=\"widget\" data-e-type=\"widget\" data-widget_type=\"text-editor.default\">\n\t\t\t\t<div class=\"elementor-widget-container\">\n\t\t\t\t\t\t\t\t\t<p>La AEFE o Agencia para la Ense\u00f1anza Francesa en el Extranjero, es un organismo p\u00fablico que asegura la gesti\u00f3n y la animaci\u00f3n de la red de los establecimientos de ense\u00f1anza francesa en el extranjero homologados por el ministerio de Educaci\u00f3n franc\u00e9s.<\/p><p>\u00a0<\/p><p><strong>Francia es el pa\u00eds que dispone de la red escolar m\u00e1s importante en el mundo \ud83c\udf0e<\/strong><br \/>La homologaci\u00f3n otorgada por el ministerio de la Educaci\u00f3n nacional franc\u00e9s certifica la conformidad de la ense\u00f1anza con las exigencias, los programas y los objetivos pedag\u00f3gicos del sistema educativo franc\u00e9s.<\/p><p><br \/>Permite a cualquier alumno de un establecimiento homologado de seguir su escolaridad en otro establecimiento franc\u00e9s sin examen de admisi\u00f3n.<\/p><p>\u00a0<\/p><p>Los ni\u00f1os de padres que tienen que vivir en diferentes pa\u00edses sucesivos pueden as\u00ed llevar una escolaridad coherente, de Preescolar hasta el bachillerato.<\/p>\t\t\t\t\t\t\t\t<\/div>\n\t\t\t\t<\/div>\n\t\t\t\t<\/div>\n\t\t<div class=\"elementor-element elementor-element-92a91f1 e-con-full e-flex e-con e-child\" data-id=\"92a91f1\" data-element_type=\"container\" data-e-type=\"container\">\n\t\t\t\t<div class=\"elementor-element elementor-element-44af335 elementor-widget elementor-widget-image\" data-id=\"44af335\" data-element_type=\"widget\" data-e-type=\"widget\" data-widget_type=\"image.default\">\n\t\t\t\t<div class=\"elementor-widget-container\">\n\t\t\t\t\t\t\t\t\t\t\t\t\t\t\t<img decoding=\"async\" width=\"300\" height=\"253\" src=\"https:\/\/condamine.edu.ec\/wp-content\/uploads\/2024\/01\/Logo_AEFE_2-300x253.jpg\" class=\"attachment-medium size-medium wp-image-10678\" alt=\"\" srcset=\"https:\/\/condamine.edu.ec\/wp-content\/uploads\/2024\/01\/Logo_AEFE_2-300x253.jpg 300w, https:\/\/condamine.edu.ec\/wp-content\/uploads\/2024\/01\/Logo_AEFE_2-1024x862.jpg 1024w, https:\/\/condamine.edu.ec\/wp-content\/uploads\/2024\/01\/Logo_AEFE_2-768x647.jpg 768w, https:\/\/condamine.edu.ec\/wp-content\/uploads\/2024\/01\/Logo_AEFE_2-370x311.jpg 370w, https:\/\/condamine.edu.ec\/wp-content\/uploads\/2024\/01\/Logo_AEFE_2-546x460.jpg 546w, https:\/\/condamine.edu.ec\/wp-content\/uploads\/2024\/01\/Logo_AEFE_2.jpg 1189w\" sizes=\"(max-width: 300px) 100vw, 300px\" \/>\t\t\t\t\t\t\t\t\t\t\t\t\t\t\t<\/div>\n\t\t\t\t<\/div>\n\t\t\t\t<\/div>\n\t\t\t\t<\/div>\n\t\t<div class=\"elementor-element elementor-element-d390b3e e-flex e-con-boxed e-con e-parent\" data-id=\"d390b3e\" data-element_type=\"container\" data-e-type=\"container\">\n\t\t\t\t\t<div class=\"e-con-inner\">\n\t\t\t\t<div class=\"elementor-element elementor-element-c70fde1 elementor-widget elementor-widget-spacer\" data-id=\"c70fde1\" data-element_type=\"widget\" data-e-type=\"widget\" data-widget_type=\"spacer.default\">\n\t\t\t\t<div class=\"elementor-widget-container\">\n\t\t\t\t\t\t\t<div class=\"elementor-spacer\">\n\t\t\t<div class=\"elementor-spacer-inner\"><\/div>\n\t\t<\/div>\n\t\t\t\t\t\t<\/div>\n\t\t\t\t<\/div>\n\t\t\t\t\t<\/div>\n\t\t\t\t<\/div>\n\t\t<div class=\"elementor-element elementor-element-2e0c583 e-con-full e-flex e-con e-parent\" data-id=\"2e0c583\" data-element_type=\"container\" data-e-type=\"container\" data-settings=\"{&quot;background_background&quot;:&quot;classic&quot;}\">\n\t\t\t\t<div class=\"elementor-element elementor-element-1dcc1f1 elementor-widget elementor-widget-heading\" data-id=\"1dcc1f1\" data-element_type=\"widget\" data-e-type=\"widget\" data-widget_type=\"heading.default\">\n\t\t\t\t<div class=\"elementor-widget-container\">\n\t\t\t\t\t<h2 class=\"elementor-heading-title elementor-size-default\">El Colegio La Condamine forma parte de los 580 establecimientos escolares franceses en el mundo que constituyen esta red \u00fanica de los colegios franceses homologados<\/h2>\t\t\t\t<\/div>\n\t\t\t\t<\/div>\n\t\t\t\t<\/div>\n\t\t<div class=\"elementor-element elementor-element-0ee6a39 e-flex e-con-boxed e-con e-parent\" data-id=\"0ee6a39\" data-element_type=\"container\" data-e-type=\"container\">\n\t\t\t\t\t<div class=\"e-con-inner\">\n\t\t\t\t<div class=\"elementor-element elementor-element-1ee68da elementor-widget elementor-widget-spacer\" data-id=\"1ee68da\" data-element_type=\"widget\" data-e-type=\"widget\" data-widget_type=\"spacer.default\">\n\t\t\t\t<div class=\"elementor-widget-container\">\n\t\t\t\t\t\t\t<div class=\"elementor-spacer\">\n\t\t\t<div class=\"elementor-spacer-inner\"><\/div>\n\t\t<\/div>\n\t\t\t\t\t\t<\/div>\n\t\t\t\t<\/div>\n\t\t\t\t\t<\/div>\n\t\t\t\t<\/div>\n\t\t<div class=\"elementor-element elementor-element-aed3492 e-flex e-con-boxed e-con e-parent\" data-id=\"aed3492\" data-element_type=\"container\" data-e-type=\"container\">\n\t\t\t\t\t<div class=\"e-con-inner\">\n\t\t\t\t<div class=\"elementor-element elementor-element-27e1bc5 elementor-widget elementor-widget-heading\" data-id=\"27e1bc5\" data-element_type=\"widget\" data-e-type=\"widget\" data-widget_type=\"heading.default\">\n\t\t\t\t<div class=\"elementor-widget-container\">\n\t\t\t\t\t<h2 class=\"elementor-heading-title elementor-size-default\">La convenci\u00f3n y el entendimiento administrativo\n<\/h2>\t\t\t\t<\/div>\n\t\t\t\t<\/div>\n\t\t\t\t\t<\/div>\n\t\t\t\t<\/div>\n\t\t<div class=\"elementor-element elementor-element-e97d317 e-con-full e-flex e-con e-parent\" data-id=\"e97d317\" data-element_type=\"container\" data-e-type=\"container\">\n\t\t<div class=\"elementor-element elementor-element-95e342e e-con-full e-flex e-con e-child\" data-id=\"95e342e\" data-element_type=\"container\" data-e-type=\"container\">\n\t\t\t\t<div class=\"elementor-element elementor-element-51cd7d6 elementor-widget elementor-widget-text-editor\" data-id=\"51cd7d6\" data-element_type=\"widget\" data-e-type=\"widget\" data-widget_type=\"text-editor.default\">\n\t\t\t\t<div class=\"elementor-widget-container\">\n\t\t\t\t\t\t\t\t\t<p>El Colegio franco-ecuatoriano La Condamine de Quito funciona como parte de una convenci\u00f3n firmada entre la Fundaci\u00f3n y la AEFE (publicaci\u00f3n pr\u00f3ximamente) y un entendimiento administrativo firmado el 12 de mayo del 2021 entre la ministra de Educaci\u00f3n de la Rep\u00fablica del Ecuador y el ministro de Europa y de los Asuntos Exteriores de la Rep\u00fablica francesa.<\/p>\t\t\t\t\t\t\t\t<\/div>\n\t\t\t\t<\/div>\n\t\t\t\t<\/div>\n\t\t<div class=\"elementor-element elementor-element-eb9e072 e-con-full e-flex e-con e-child\" data-id=\"eb9e072\" data-element_type=\"container\" data-e-type=\"container\">\n\t\t\t\t<div class=\"elementor-element elementor-element-664ddc9 elementor-widget elementor-widget-image\" data-id=\"664ddc9\" data-element_type=\"widget\" data-e-type=\"widget\" data-widget_type=\"image.default\">\n\t\t\t\t<div class=\"elementor-widget-container\">\n\t\t\t\t\t\t\t\t\t\t\t\t\t\t\t\t<a href=\"https:\/\/condamine.edu.ec\/wp-content\/uploads\/2024\/01\/4b.-Arrangement-administratif-12-05-2021.pdf\">\n\t\t\t\t\t\t\t<img loading=\"lazy\" decoding=\"async\" width=\"113\" height=\"152\" src=\"https:\/\/condamine.edu.ec\/wp-content\/uploads\/2023\/12\/pdf-web.png\" class=\"attachment-large size-large wp-image-1022\" alt=\"\" \/>\t\t\t\t\t\t\t\t<\/a>\n\t\t\t\t\t\t\t\t\t\t\t\t\t\t\t<\/div>\n\t\t\t\t<\/div>\n\t\t\t\t<div class=\"elementor-element elementor-element-a928b3c elementor-widget elementor-widget-heading\" data-id=\"a928b3c\" data-element_type=\"widget\" data-e-type=\"widget\" data-widget_type=\"heading.default\">\n\t\t\t\t<div class=\"elementor-widget-container\">\n\t\t\t\t\t<h4 class=\"elementor-heading-title elementor-size-default\">Entendimiento administrativo del 12-05-2021<\/h4>\t\t\t\t<\/div>\n\t\t\t\t<\/div>\n\t\t\t\t<\/div>\n\t\t<div class=\"elementor-element elementor-element-6c0d66c e-con-full e-flex e-con e-child\" data-id=\"6c0d66c\" data-element_type=\"container\" data-e-type=\"container\">\n\t\t\t\t<div class=\"elementor-element elementor-element-a429acd elementor-widget elementor-widget-image\" data-id=\"a429acd\" data-element_type=\"widget\" data-e-type=\"widget\" data-widget_type=\"image.default\">\n\t\t\t\t<div class=\"elementor-widget-container\">\n\t\t\t\t\t\t\t\t\t\t\t\t\t\t\t\t<a href=\"https:\/\/condamine.edu.ec\/wp-content\/uploads\/2024\/01\/LA-CONDAMINE-MINEDUC-SEDMQ-2023-00707-R_compressed.pdf\">\n\t\t\t\t\t\t\t<img loading=\"lazy\" decoding=\"async\" width=\"113\" height=\"152\" src=\"https:\/\/condamine.edu.ec\/wp-content\/uploads\/2023\/12\/pdf-web.png\" class=\"attachment-large size-large wp-image-1022\" alt=\"\" \/>\t\t\t\t\t\t\t\t<\/a>\n\t\t\t\t\t\t\t\t\t\t\t\t\t\t\t<\/div>\n\t\t\t\t<\/div>\n\t\t\t\t<div class=\"elementor-element elementor-element-e1412e5 elementor-widget elementor-widget-heading\" data-id=\"e1412e5\" data-element_type=\"widget\" data-e-type=\"widget\" data-widget_type=\"heading.default\">\n\t\t\t\t<div class=\"elementor-widget-container\">\n\t\t\t\t\t<h4 class=\"elementor-heading-title elementor-size-default\">Permiso de foncionamiento del establecimiento<\/h4>\t\t\t\t<\/div>\n\t\t\t\t<\/div>\n\t\t\t\t<\/div>\n\t\t<div class=\"elementor-element elementor-element-8925d75 e-con-full e-flex e-con e-child\" data-id=\"8925d75\" data-element_type=\"container\" data-e-type=\"container\">\n\t\t\t\t<div class=\"elementor-element elementor-element-3be56ce elementor-widget elementor-widget-image\" data-id=\"3be56ce\" data-element_type=\"widget\" data-e-type=\"widget\" data-widget_type=\"image.default\">\n\t\t\t\t<div class=\"elementor-widget-container\">\n\t\t\t\t\t\t\t\t\t\t\t\t\t\t\t\t<a href=\"https:\/\/condamine.edu.ec\/wp-content\/uploads\/2024\/01\/Projet-detablissement-2023-2028.pdf\">\n\t\t\t\t\t\t\t<img loading=\"lazy\" decoding=\"async\" width=\"113\" height=\"152\" src=\"https:\/\/condamine.edu.ec\/wp-content\/uploads\/2023\/12\/pdf-web.png\" class=\"attachment-large size-large wp-image-1022\" alt=\"\" \/>\t\t\t\t\t\t\t\t<\/a>\n\t\t\t\t\t\t\t\t\t\t\t\t\t\t\t<\/div>\n\t\t\t\t<\/div>\n\t\t\t\t<div class=\"elementor-element elementor-element-25ffcf2 elementor-widget elementor-widget-heading\" data-id=\"25ffcf2\" data-element_type=\"widget\" data-e-type=\"widget\" data-widget_type=\"heading.default\">\n\t\t\t\t<div class=\"elementor-widget-container\">\n\t\t\t\t\t<h4 class=\"elementor-heading-title elementor-size-default\">Proyecto de establecimiento 2023-2028<\/h4>\t\t\t\t<\/div>\n\t\t\t\t<\/div>\n\t\t\t\t<\/div>\n\t\t<div class=\"elementor-element elementor-element-8942556 e-con-full e-flex e-con e-child\" data-id=\"8942556\" data-element_type=\"container\" data-e-type=\"container\">\n\t\t\t\t<div class=\"elementor-element elementor-element-bbf8669 elementor-widget elementor-widget-image\" data-id=\"bbf8669\" data-element_type=\"widget\" data-e-type=\"widget\" data-widget_type=\"image.default\">\n\t\t\t\t<div class=\"elementor-widget-container\">\n\t\t\t\t\t\t\t\t\t\t\t\t\t\t\t\t<a href=\"https:\/\/condamine.edu.ec\/wp-content\/uploads\/2025\/04\/PEI-2024-2028.pdf\" target=\"_blank\">\n\t\t\t\t\t\t\t<img loading=\"lazy\" decoding=\"async\" width=\"113\" height=\"152\" src=\"https:\/\/condamine.edu.ec\/wp-content\/uploads\/2023\/12\/pdf-web.png\" class=\"attachment-large size-large wp-image-1022\" alt=\"\" \/>\t\t\t\t\t\t\t\t<\/a>\n\t\t\t\t\t\t\t\t\t\t\t\t\t\t\t<\/div>\n\t\t\t\t<\/div>\n\t\t\t\t<div class=\"elementor-element elementor-element-196de45 elementor-widget elementor-widget-heading\" data-id=\"196de45\" data-element_type=\"widget\" data-e-type=\"widget\" data-widget_type=\"heading.default\">\n\t\t\t\t<div class=\"elementor-widget-container\">\n\t\t\t\t\t<h4 class=\"elementor-heading-title elementor-size-default\"><a href=\"https:\/\/condamine.edu.ec\/wp-content\/uploads\/2025\/04\/PEI-2024-2028.pdf\" target=\"_blank\">Plan Educativo Institucional<\/a><\/h4>\t\t\t\t<\/div>\n\t\t\t\t<\/div>\n\t\t\t\t<\/div>\n\t\t<div class=\"elementor-element elementor-element-cbc75f8 e-con-full e-flex e-con e-child\" data-id=\"cbc75f8\" data-element_type=\"container\" data-e-type=\"container\">\n\t\t\t\t<div class=\"elementor-element elementor-element-4287b77 elementor-widget elementor-widget-image\" data-id=\"4287b77\" data-element_type=\"widget\" data-e-type=\"widget\" data-widget_type=\"image.default\">\n\t\t\t\t<div class=\"elementor-widget-container\">\n\t\t\t\t\t\t\t\t\t\t\t\t\t\t\t\t<a href=\"https:\/\/condamine.edu.ec\/wp-content\/uploads\/2025\/04\/Registro-ministerial-del-PEI-2024-2028.pdf\" target=\"_blank\">\n\t\t\t\t\t\t\t<img loading=\"lazy\" decoding=\"async\" width=\"113\" height=\"152\" src=\"https:\/\/condamine.edu.ec\/wp-content\/uploads\/2023\/12\/pdf-web.png\" class=\"attachment-large size-large wp-image-1022\" alt=\"\" \/>\t\t\t\t\t\t\t\t<\/a>\n\t\t\t\t\t\t\t\t\t\t\t\t\t\t\t<\/div>\n\t\t\t\t<\/div>\n\t\t\t\t<div class=\"elementor-element elementor-element-89f7b00 elementor-widget elementor-widget-heading\" data-id=\"89f7b00\" data-element_type=\"widget\" data-e-type=\"widget\" data-widget_type=\"heading.default\">\n\t\t\t\t<div class=\"elementor-widget-container\">\n\t\t\t\t\t<h4 class=\"elementor-heading-title elementor-size-default\"><a href=\"https:\/\/condamine.edu.ec\/wp-content\/uploads\/2025\/04\/Registro-ministerial-del-PEI-2024-2028.pdf\" target=\"_blank\">Validaci\u00f3n Ministerial del Plan Educativo Institucional<\/a><\/h4>\t\t\t\t<\/div>\n\t\t\t\t<\/div>\n\t\t\t\t<\/div>\n\t\t\t\t<\/div>\n\t\t\t\t<\/div>\n\t\t","protected":false},"excerpt":{"rendered":"<p>\u00bfQui\u00e9n era La Condamine? Charles Marie de La Condamine era un explorador y cient\u00edfico franc\u00e9s, un astr\u00f3nomo y un enciclopedista del siglo XVIII. Es famoso por haber llevado a cabo, de 1735 a 1743, una expedici\u00f3n geod\u00e9sica en Ecuador con el fin de comprobar la figura de la Tierra\u00a0y la hip\u00f3tesis de Isaac Newton, seg\u00fan [&hellip;]<\/p>\n","protected":false},"author":1,"featured_media":0,"parent":0,"menu_order":0,"comment_status":"closed","ping_status":"closed","template":"","meta":{"footnotes":""},"class_list":["post-10700","page","type-page","status-publish","hentry"],"_links":{"self":[{"href":"https:\/\/condamine.edu.ec\/index.php?rest_route=\/wp\/v2\/pages\/10700","targetHints":{"allow":["GET"]}}],"collection":[{"href":"https:\/\/condamine.edu.ec\/index.php?rest_route=\/wp\/v2\/pages"}],"about":[{"href":"https:\/\/condamine.edu.ec\/index.php?rest_route=\/wp\/v2\/types\/page"}],"author":[{"embeddable":true,"href":"https:\/\/condamine.edu.ec\/index.php?rest_route=\/wp\/v2\/users\/1"}],"replies":[{"embeddable":true,"href":"https:\/\/condamine.edu.ec\/index.php?rest_route=%2Fwp%2Fv2%2Fcomments&post=10700"}],"version-history":[{"count":16,"href":"https:\/\/condamine.edu.ec\/index.php?rest_route=\/wp\/v2\/pages\/10700\/revisions"}],"predecessor-version":[{"id":31575,"href":"https:\/\/condamine.edu.ec\/index.php?rest_route=\/wp\/v2\/pages\/10700\/revisions\/31575"}],"wp:attachment":[{"href":"https:\/\/condamine.edu.ec\/index.php?rest_route=%2Fwp%2Fv2%2Fmedia&parent=10700"}],"curies":[{"name":"wp","href":"https:\/\/api.w.org\/{rel}","templated":true}]}}